CRAN Package Check Results for Package ciuupi

Last updated on 2020-08-06 08:48:42 CEST.

Flavor Version Tinstall Tcheck Ttotal Status Flags
r-devel-linux-x86_64-debian-clang 1.1.0 2.51 23.08 25.59 NOTE
r-devel-linux-x86_64-debian-gcc 1.1.0 2.03 18.06 20.09 NOTE
r-devel-linux-x86_64-fedora-clang 1.1.0 39.07 OK
r-devel-linux-x86_64-fedora-gcc 1.1.0 30.74 OK
r-devel-windows-ix86+x86_64 1.1.0 8.00 37.00 45.00 NOTE
r-patched-linux-x86_64 1.1.0 2.48 23.03 25.51 NOTE
r-patched-solaris-x86 1.1.0 48.10 OK
r-release-linux-x86_64 1.1.0 2.16 22.84 25.00 NOTE
r-release-macos-x86_64 1.1.0 OK
r-release-windows-ix86+x86_64 1.1.0 12.00 51.00 63.00 NOTE
r-oldrel-macos-x86_64 1.1.0 OK
r-oldrel-windows-ix86+x86_64 1.1.0 5.00 35.00 40.00 OK

Check Details

Version: 1.1.0
Check: package vignettes
Result: NOTE
    Package vignette with placeholder title 'Vignette Title':
     'desciption-ciuupi.Rmd'
Flavors: r-devel-linux-x86_64-debian-clang, r-devel-linux-x86_64-debian-gcc, r-devel-windows-ix86+x86_64, r-patched-linux-x86_64, r-release-linux-x86_64, r-release-windows-ix86+x86_64