CRAN Package Check Results for Package ciuupi

Last updated on 2019-12-14 19:47:10 CET.

Flavor Version Tinstall Tcheck Ttotal Status Flags
r-devel-linux-x86_64-debian-clang 1.1.0 2.55 22.74 25.29 NOTE
r-devel-linux-x86_64-debian-gcc 1.1.0 1.78 18.41 20.19 NOTE
r-devel-linux-x86_64-fedora-clang 1.1.0 31.79 OK
r-devel-linux-x86_64-fedora-gcc 1.1.0 30.74 OK
r-devel-windows-ix86+x86_64 1.1.0 5.00 47.00 52.00 NOTE
r-devel-windows-ix86+x86_64-gcc8 1.1.0 6.00 51.00 57.00 NOTE
r-patched-linux-x86_64 1.1.0 1.75 21.30 23.05 OK
r-patched-solaris-x86 1.1.0 48.00 OK
r-release-linux-x86_64 1.1.0 1.78 20.92 22.70 OK
r-release-windows-ix86+x86_64 1.1.0 7.00 35.00 42.00 OK
r-release-osx-x86_64 1.1.0 OK
r-oldrel-windows-ix86+x86_64 1.1.0 3.00 32.00 35.00 OK
r-oldrel-osx-x86_64 1.1.0 OK

Check Details

Version: 1.1.0
Check: package vignettes
Result: NOTE
    Package vignette with placeholder title 'Vignette Title':
     'desciption-ciuupi.Rmd'
Flavors: r-devel-linux-x86_64-debian-clang, r-devel-linux-x86_64-debian-gcc, r-devel-windows-ix86+x86_64, r-devel-windows-ix86+x86_64-gcc8