CRAN Package Check Results for Package ciuupi2

Last updated on 2021-05-05 22:51:29 CEST.

Flavor Version Tinstall Tcheck Ttotal Status Flags
r-devel-linux-x86_64-debian-clang 1.0.1 2.67 33.22 35.89 NOTE
r-devel-linux-x86_64-debian-gcc 1.0.1 2.35 25.28 27.63 NOTE
r-devel-linux-x86_64-fedora-clang 1.0.1 54.00 NOTE
r-devel-linux-x86_64-fedora-gcc 1.0.1 44.04 NOTE
r-devel-windows-ix86+x86_64 1.0.1 5.00 52.00 57.00 NOTE
r-devel-windows-x86_64-gcc10-UCRT 1.0.1 NOTE
r-patched-linux-x86_64 1.0.1 2.44 32.47 34.91 NOTE
r-patched-solaris-x86 1.0.1 69.40 OK
r-release-linux-x86_64 1.0.1 3.05 37.96 41.01 OK
r-release-macos-x86_64 1.0.1 OK
r-release-windows-ix86+x86_64 1.0.1 4.00 43.00 47.00 OK
r-oldrel-macos-x86_64 1.0.1 OK
r-oldrel-windows-ix86+x86_64 1.0.1 5.00 52.00 57.00 OK

Check Details

Version: 1.0.1
Check: LazyData
Result: NOTE
     'LazyData' is specified without a 'data' directory
Flavors: r-devel-linux-x86_64-debian-clang, r-devel-linux-x86_64-debian-gcc, r-devel-linux-x86_64-fedora-clang, r-devel-linux-x86_64-fedora-gcc, r-devel-windows-ix86+x86_64, r-devel-windows-x86_64-gcc10-UCRT, r-patched-linux-x86_64