CRAN Package Check Results for Package cjoint

Last updated on 2019-10-18 18:47:48 CEST.

Flavor Version Tinstall Tcheck Ttotal Status Flags
r-devel-linux-x86_64-debian-clang 2.1.0 13.71 116.97 130.68 OK
r-devel-linux-x86_64-debian-gcc 2.1.0 11.44 92.91 104.35 OK
r-devel-linux-x86_64-fedora-clang 2.1.0 155.96 NOTE
r-devel-linux-x86_64-fedora-gcc 2.1.0 154.09 NOTE
r-devel-windows-ix86+x86_64 2.1.0 35.00 190.00 225.00 OK
r-patched-linux-x86_64 2.1.0 12.70 113.91 126.61 OK
r-patched-solaris-x86 2.1.0 293.80 NOTE
r-release-linux-x86_64 2.1.0 12.97 116.77 129.74 OK
r-release-windows-ix86+x86_64 2.1.0 24.00 122.00 146.00 OK
r-release-osx-x86_64 2.1.0 NOTE
r-oldrel-windows-ix86+x86_64 2.1.0 15.00 127.00 142.00 OK
r-oldrel-osx-x86_64 2.1.0 NOTE

Check Details

Version: 2.1.0
Check: dependencies in R code
Result: NOTE
    Namespace in Imports field not imported from: ‘shinyBS’
     All declared Imports should be used.
Flavors: r-devel-linux-x86_64-fedora-clang, r-devel-linux-x86_64-fedora-gcc, r-patched-solaris-x86, r-release-osx-x86_64, r-oldrel-osx-x86_64

Version: 2.1.0
Check: data for non-ASCII characters
Result: NOTE
     Note: found 29 marked UTF-8 strings
Flavors: r-devel-linux-x86_64-fedora-clang, r-devel-linux-x86_64-fedora-gcc, r-patched-solaris-x86, r-release-osx-x86_64, r-oldrel-osx-x86_64