CRAN Package Check Results for Package cjoint

Last updated on 2022-11-26 16:49:27 CET.

Flavor Version Tinstall Tcheck Ttotal Status Flags
r-devel-linux-x86_64-debian-clang 2.1.0 19.55 165.16 184.71 OK
r-devel-linux-x86_64-debian-gcc 2.1.0 14.13 121.59 135.72 OK
r-devel-linux-x86_64-fedora-clang 2.1.0 239.88 NOTE
r-devel-linux-x86_64-fedora-gcc 2.1.0 257.06 NOTE
r-devel-windows-x86_64 2.1.0 25.00 186.00 211.00 OK
r-patched-linux-x86_64 2.1.0 OK
r-release-linux-x86_64 2.1.0 17.02 155.04 172.06 OK
r-release-macos-arm64 2.1.0 60.00 NOTE
r-release-macos-x86_64 2.1.0 121.00 NOTE
r-release-windows-x86_64 2.1.0 28.00 193.00 221.00 OK
r-oldrel-macos-arm64 2.1.0 70.00 NOTE
r-oldrel-macos-x86_64 2.1.0 149.00 NOTE
r-oldrel-windows-ix86+x86_64 2.1.0 36.00 184.00 220.00 OK

Check Details

Version: 2.1.0
Check: dependencies in R code
Result: NOTE
    Namespace in Imports field not imported from: ‘shinyBS’
     All declared Imports should be used.
Flavors: r-devel-linux-x86_64-fedora-clang, r-devel-linux-x86_64-fedora-gcc, r-release-macos-arm64, r-release-macos-x86_64, r-oldrel-macos-arm64, r-oldrel-macos-x86_64

Version: 2.1.0
Check: data for non-ASCII characters
Result: NOTE
     Note: found 29 marked UTF-8 strings
Flavors: r-devel-linux-x86_64-fedora-clang, r-devel-linux-x86_64-fedora-gcc, r-release-macos-arm64, r-release-macos-x86_64, r-oldrel-macos-arm64, r-oldrel-macos-x86_64