CRAN Package Check Results for Package cjoint

Last updated on 2023-06-10 15:56:17 CEST.

Flavor Version Tinstall Tcheck Ttotal Status Flags
r-devel-linux-x86_64-debian-clang 2.1.0 17.41 165.82 183.23 OK
r-devel-linux-x86_64-debian-gcc 2.1.0 15.22 121.54 136.76 OK
r-devel-linux-x86_64-fedora-clang 2.1.0 235.40 NOTE
r-devel-linux-x86_64-fedora-gcc 2.1.0 218.31 NOTE
r-devel-windows-x86_64 2.1.0 15.00 134.00 149.00 OK
r-patched-linux-x86_64 2.1.0 17.95 152.33 170.28 OK
r-release-linux-x86_64 2.1.0 14.76 153.09 167.85 OK
r-release-macos-arm64 2.1.0 78.00 OK
r-release-macos-x86_64 2.1.0 126.00 OK
r-release-windows-x86_64 2.1.0 20.00 165.00 185.00 OK
r-oldrel-macos-arm64 2.1.0 60.00 NOTE
r-oldrel-macos-x86_64 2.1.0 121.00 NOTE
r-oldrel-windows-x86_64 2.1.0 22.00 165.00 187.00 OK

Check Details

Version: 2.1.0
Check: dependencies in R code
Result: NOTE
    Namespace in Imports field not imported from: ‘shinyBS’
     All declared Imports should be used.
Flavors: r-devel-linux-x86_64-fedora-clang, r-devel-linux-x86_64-fedora-gcc, r-oldrel-macos-arm64, r-oldrel-macos-x86_64

Version: 2.1.0
Check: data for non-ASCII characters
Result: NOTE
     Note: found 29 marked UTF-8 strings
Flavors: r-devel-linux-x86_64-fedora-clang, r-devel-linux-x86_64-fedora-gcc, r-oldrel-macos-arm64, r-oldrel-macos-x86_64