CRAN Package Check Results for Package cjoint

Last updated on 2019-07-17 18:47:57 CEST.

Flavor Version Tinstall Tcheck Ttotal Status Flags
r-devel-linux-x86_64-debian-clang 2.1.0 12.80 117.63 130.43 OK
r-devel-linux-x86_64-debian-gcc 2.1.0 11.79 93.21 105.00 OK
r-devel-linux-x86_64-fedora-clang 2.1.0 151.83 NOTE
r-devel-linux-x86_64-fedora-gcc 2.1.0 163.11 NOTE
r-devel-windows-ix86+x86_64 2.1.0 39.00 136.00 175.00 OK
r-patched-linux-x86_64 2.1.0 13.72 114.04 127.76 OK
r-patched-solaris-x86 2.1.0 298.00 NOTE
r-release-linux-x86_64 2.1.0 14.12 115.88 130.00 OK
r-release-windows-ix86+x86_64 2.1.0 22.00 194.00 216.00 OK
r-release-osx-x86_64 2.1.0 NOTE
r-oldrel-windows-ix86+x86_64 2.1.0 19.00 163.00 182.00 OK
r-oldrel-osx-x86_64 2.1.0 NOTE

Check Details

Version: 2.1.0
Check: dependencies in R code
Result: NOTE
    Namespace in Imports field not imported from: ‘shinyBS’
     All declared Imports should be used.
Flavors: r-devel-linux-x86_64-fedora-clang, r-devel-linux-x86_64-fedora-gcc, r-patched-solaris-x86, r-release-osx-x86_64, r-oldrel-osx-x86_64

Version: 2.1.0
Check: data for non-ASCII characters
Result: NOTE
     Note: found 29 marked UTF-8 strings
Flavors: r-devel-linux-x86_64-fedora-clang, r-devel-linux-x86_64-fedora-gcc, r-patched-solaris-x86, r-release-osx-x86_64, r-oldrel-osx-x86_64