CRAN Package Check Results for Package clValid

Last updated on 2020-08-05 05:48:42 CEST.

Flavor Version Tinstall Tcheck Ttotal Status Flags
r-devel-linux-x86_64-debian-clang 0.6-9 5.54 115.43 120.97 OK
r-devel-linux-x86_64-debian-gcc 0.6-9 4.43 83.92 88.35 OK
r-devel-linux-x86_64-fedora-clang 0.6-9 143.93 OK
r-devel-linux-x86_64-fedora-gcc 0.6-9 137.31 OK
r-devel-windows-ix86+x86_64 0.6-9 15.00 116.00 131.00 OK
r-patched-linux-x86_64 0.6-9 5.18 109.51 114.69 OK
r-patched-solaris-x86 0.6-9 191.10 OK
r-release-linux-x86_64 0.6-9 5.52 110.66 116.18 OK
r-release-macos-x86_64 0.6-9 NOTE
r-release-windows-ix86+x86_64 0.6-9 16.00 170.00 186.00 OK
r-oldrel-macos-x86_64 0.6-9 NOTE
r-oldrel-windows-ix86+x86_64 0.6-9 7.00 149.00 156.00 OK

Check Details

Version: 0.6-9
Check: package dependencies
Result: NOTE
    Package suggested but not available for checking: ‘moe430a.db’
Flavor: r-release-macos-x86_64

Version: 0.6-9
Check: package dependencies
Result: NOTE
    Packages suggested but not available for checking: 'GO.db', 'moe430a.db'
Flavor: r-oldrel-macos-x86_64