CRAN Package Check Results for Package classifierplots

Last updated on 2022-08-19 06:52:19 CEST.

Flavor Version Tinstall Tcheck Ttotal Status Flags
r-devel-linux-x86_64-debian-clang 1.4.0 16.75 141.93 158.68 OK
r-devel-linux-x86_64-debian-gcc 1.4.0 12.85 103.68 116.53 OK
r-devel-linux-x86_64-fedora-clang 1.4.0 195.72 NOTE
r-devel-linux-x86_64-fedora-gcc 1.4.0 205.28 NOTE
r-devel-windows-x86_64 1.4.0 43.00 155.00 198.00 OK
r-patched-linux-x86_64 1.4.0 10.11 128.71 138.82 OK
r-release-linux-x86_64 1.4.0 OK
r-release-macos-arm64 1.4.0 49.00 NOTE
r-release-macos-x86_64 1.4.0 100.00 NOTE
r-release-windows-x86_64 1.4.0 87.00 153.00 240.00 OK
r-oldrel-macos-arm64 1.4.0 61.00 NOTE
r-oldrel-macos-x86_64 1.4.0 84.00 NOTE
r-oldrel-windows-ix86+x86_64 1.4.0 37.00 154.00 191.00 OK

Check Details

Version: 1.4.0
Check: dependencies in R code
Result: NOTE
    Namespace in Imports field not imported from: ‘Rcpp’
     All declared Imports should be used.
Flavors: r-devel-linux-x86_64-fedora-clang, r-devel-linux-x86_64-fedora-gcc, r-release-macos-arm64, r-release-macos-x86_64, r-oldrel-macos-arm64, r-oldrel-macos-x86_64