CRAN Package Check Results for Package classifierplots

Last updated on 2022-11-27 08:56:31 CET.

Flavor Version Tinstall Tcheck Ttotal Status Flags
r-devel-linux-x86_64-debian-clang 1.4.0 17.49 140.11 157.60 OK
r-devel-linux-x86_64-debian-gcc 1.4.0 14.53 104.48 119.01 OK
r-devel-linux-x86_64-fedora-clang 1.4.0 204.32 NOTE
r-devel-linux-x86_64-fedora-gcc 1.4.0 228.03 NOTE
r-devel-windows-x86_64 1.4.0 49.00 157.00 206.00 OK
r-patched-linux-x86_64 1.4.0 13.36 129.71 143.07 OK
r-release-linux-x86_64 1.4.0 11.51 133.27 144.78 OK
r-release-macos-arm64 1.4.0 49.00 NOTE
r-release-macos-x86_64 1.4.0 100.00 NOTE
r-release-windows-x86_64 1.4.0 64.00 159.00 223.00 OK
r-oldrel-macos-arm64 1.4.0 61.00 NOTE
r-oldrel-macos-x86_64 1.4.0 84.00 NOTE
r-oldrel-windows-ix86+x86_64 1.4.0 38.00 148.00 186.00 OK

Check Details

Version: 1.4.0
Check: dependencies in R code
Result: NOTE
    Namespace in Imports field not imported from: ‘Rcpp’
     All declared Imports should be used.
Flavors: r-devel-linux-x86_64-fedora-clang, r-devel-linux-x86_64-fedora-gcc, r-release-macos-arm64, r-release-macos-x86_64, r-oldrel-macos-arm64, r-oldrel-macos-x86_64