CRAN Package Check Results for Package classyfireR

Last updated on 2019-03-23 11:50:47 CET.

Flavor Version Tinstall Tcheck Ttotal Status Flags
r-devel-linux-x86_64-debian-clang 0.2.0 3.10 30.36 33.46 OK
r-devel-linux-x86_64-debian-gcc 0.2.0 2.33 24.87 27.20 OK
r-devel-linux-x86_64-fedora-clang 0.2.0 42.11 OK
r-devel-linux-x86_64-fedora-gcc 0.2.0 39.56 OK
r-devel-windows-ix86+x86_64 0.2.0 10.00 67.00 77.00 OK
r-patched-linux-x86_64 0.2.0 2.23 29.20 31.43 OK
r-patched-solaris-x86 0.2.0 75.70 OK
r-release-linux-x86_64 0.2.0 0.23 1.90 2.13 ERROR
r-release-windows-ix86+x86_64 0.2.0 5.00 52.00 57.00 OK
r-release-osx-x86_64 0.2.0 OK
r-oldrel-windows-ix86+x86_64 0.2.0 6.00 76.00 82.00 OK
r-oldrel-osx-x86_64 0.2.0 OK

Check Details

Version: 0.2.0
Check: whether package can be installed
Result: ERROR
    Installation failed.
Flavor: r-release-linux-x86_64