CRAN Package Check Results for Package cleandata

Last updated on 2023-02-06 09:55:39 CET.

Flavor Version Tinstall Tcheck Ttotal Status Flags
r-devel-linux-x86_64-debian-clang 0.3.0 2.55 26.12 28.67 NOTE
r-devel-linux-x86_64-debian-gcc 0.3.0 1.94 19.82 21.76 NOTE
r-devel-linux-x86_64-fedora-clang 0.3.0 38.97 NOTE
r-devel-linux-x86_64-fedora-gcc 0.3.0 47.08 NOTE
r-devel-windows-x86_64 0.3.0 17.00 57.00 74.00 NOTE
r-patched-linux-x86_64 0.3.0 2.21 25.82 28.03 NOTE
r-release-linux-x86_64 0.3.0 2.40 26.19 28.59 NOTE
r-release-macos-arm64 0.3.0 16.00 NOTE
r-release-macos-x86_64 0.3.0 25.00 NOTE
r-release-windows-x86_64 0.3.0 8.00 57.00 65.00 NOTE
r-oldrel-macos-arm64 0.3.0 25.00 NOTE
r-oldrel-macos-x86_64 0.3.0 27.00 NOTE
r-oldrel-windows-ix86+x86_64 0.3.0 5.00 51.00 56.00 NOTE

Check Details

Version: 0.3.0
Check: LazyData
Result: NOTE
     'LazyData' is specified without a 'data' directory
Flavors: r-devel-linux-x86_64-debian-clang, r-devel-linux-x86_64-debian-gcc, r-devel-linux-x86_64-fedora-clang, r-devel-linux-x86_64-fedora-gcc, r-devel-windows-x86_64, r-patched-linux-x86_64, r-release-linux-x86_64, r-release-macos-arm64, r-release-macos-x86_64, r-release-windows-x86_64, r-oldrel-macos-arm64, r-oldrel-macos-x86_64, r-oldrel-windows-ix86+x86_64