Last updated on 2023-06-10 16:53:32 CEST.
Flavor | Version | Tinstall | Tcheck | Ttotal | Status | Flags |
---|---|---|---|---|---|---|
r-devel-linux-x86_64-debian-clang | 3.6.1 | 20.15 | 168.32 | 188.47 | OK | |
r-devel-linux-x86_64-debian-gcc | 3.6.1 | 15.12 | 126.02 | 141.14 | OK | |
r-devel-linux-x86_64-fedora-clang | 3.6.1 | 238.80 | OK | |||
r-devel-linux-x86_64-fedora-gcc | 3.6.1 | 224.11 | OK | |||
r-devel-windows-x86_64 | 3.6.1 | 48.00 | 158.00 | 206.00 | WARN | |
r-patched-linux-x86_64 | 3.6.1 | 22.15 | 160.73 | 182.88 | OK | |
r-release-linux-x86_64 | 3.6.1 | 17.61 | 157.25 | 174.86 | OK | |
r-release-macos-arm64 | 3.6.1 | 63.00 | OK | |||
r-release-macos-x86_64 | 3.6.1 | 112.00 | OK | |||
r-release-windows-x86_64 | 3.6.1 | 49.00 | 194.00 | 243.00 | WARN | |
r-oldrel-macos-arm64 | 3.6.1 | 69.00 | OK | |||
r-oldrel-macos-x86_64 | 3.6.1 | 105.00 | OK | |||
r-oldrel-windows-x86_64 | 3.6.1 | 51.00 | 170.00 | 221.00 | OK |
Version: 3.6.1
Check: whether package can be installed
Result: WARN
Found the following significant warnings:
utils.c:15:6: warning: function declaration isn't a prototype [-Wstrict-prototypes]
See 'd:/Rcompile/CRANpkg/local/4.4/cli.Rcheck/00install.out' for details.
* used C compiler: 'gcc.exe (GCC) 12.2.0'
Flavor: r-devel-windows-x86_64
Version: 3.6.1
Check: whether package can be installed
Result: WARN
Found the following significant warnings:
utils.c:15:6: warning: function declaration isn't a prototype [-Wstrict-prototypes]
See 'd:/Rcompile/CRANpkg/local/4.3/cli.Rcheck/00install.out' for details.
* used C compiler: 'gcc.exe (GCC) 12.2.0'
Flavor: r-release-windows-x86_64