Last updated on 2022-05-28 02:48:58 CEST.
Flavor | Version | Tinstall | Tcheck | Ttotal | Status | Flags |
---|---|---|---|---|---|---|
r-devel-linux-x86_64-debian-clang | 3.3.0 | 17.31 | 130.26 | 147.57 | OK | |
r-devel-linux-x86_64-debian-gcc | 3.3.0 | 12.35 | 102.67 | 115.02 | OK | |
r-devel-linux-x86_64-fedora-clang | 3.3.0 | 184.44 | OK | |||
r-devel-linux-x86_64-fedora-gcc | 3.3.0 | 178.35 | OK | |||
r-devel-windows-x86_64 | 3.3.0 | 165.00 | 165.00 | 330.00 | OK | |
r-patched-linux-x86_64 | 3.3.0 | 18.80 | 132.05 | 150.85 | OK | |
r-release-linux-x86_64 | 3.3.0 | 16.34 | 131.04 | 147.38 | OK | |
r-release-macos-arm64 | 3.3.0 | 57.00 | OK | |||
r-release-macos-x86_64 | 3.3.0 | 93.00 | OK | |||
r-release-windows-x86_64 | 3.3.0 | 83.00 | 7.00 | 90.00 | ERROR | |
r-oldrel-macos-arm64 | 3.3.0 | 68.00 | OK | |||
r-oldrel-macos-x86_64 | 3.3.0 | 92.00 | OK | |||
r-oldrel-windows-ix86+x86_64 | 3.3.0 | 3.00 | 9.00 | 12.00 | ERROR |
Version: 3.3.0
Check: whether package can be installed
Result: ERROR
Installation failed.
Flavors: r-release-windows-x86_64, r-oldrel-windows-ix86+x86_64