CRAN Package Check Results for Package clickR

Last updated on 2021-04-12 20:47:35 CEST.

Flavor Version Tinstall Tcheck Ttotal Status Flags
r-devel-linux-x86_64-debian-clang 0.6.64 5.57 46.68 52.25 NOTE
r-devel-linux-x86_64-debian-gcc 0.6.64 5.15 35.31 40.46 NOTE
r-devel-linux-x86_64-fedora-clang 0.6.64 73.90 NOTE
r-devel-linux-x86_64-fedora-gcc 0.6.64 62.43 NOTE
r-devel-windows-ix86+x86_64 0.6.64 13.00 62.00 75.00 NOTE
r-devel-windows-x86_64-gcc10-UCRT 0.6.64 NOTE
r-patched-linux-x86_64 0.6.64 5.67 43.00 48.67 OK
r-patched-solaris-x86 0.6.64 81.70 OK
r-release-linux-x86_64 0.6.64 5.85 42.86 48.71 OK
r-release-macos-x86_64 0.6.64 OK
r-release-windows-ix86+x86_64 0.6.64 20.00 65.00 85.00 OK
r-oldrel-macos-x86_64 0.6.64 ERROR
r-oldrel-windows-ix86+x86_64 0.6.64 7.00 47.00 54.00 ERROR

Check Details

Version: 0.6.64
Check: LazyData
Result: NOTE
     'LazyData' is specified without a 'data' directory
Flavors: r-devel-linux-x86_64-debian-clang, r-devel-linux-x86_64-debian-gcc, r-devel-linux-x86_64-fedora-clang, r-devel-linux-x86_64-fedora-gcc, r-devel-windows-ix86+x86_64, r-devel-windows-x86_64-gcc10-UCRT

Version: 0.6.64
Check: R code for possible problems
Result: NOTE
    report.betareg: no visible global function definition for ‘deparse1’
    report.brmsfit: no visible global function definition for ‘deparse1’
    report.clm: no visible global function definition for ‘deparse1’
    report.clmm: no visible global function definition for ‘deparse1’
    report.coxph: no visible global function definition for ‘deparse1’
    report.default: no visible global function definition for ‘deparse1’
    report.glm: no visible global function definition for ‘deparse1’
    report.glmerMod: no visible global function definition for ‘deparse1’
    report.glmmadmb: no visible global function definition for ‘deparse1’
    report.glmnet: no visible global function definition for ‘deparse1’
    report.lm: no visible global function definition for ‘deparse1’
    report.lqmm: no visible global function definition for ‘deparse1’
    report.merModLmerTest: no visible global function definition for
     ‘deparse1’
    report.rlm: no visible global function definition for ‘deparse1’
    report.rq: no visible global function definition for ‘deparse1’
    Undefined global functions or variables:
     deparse1
Flavors: r-oldrel-macos-x86_64, r-oldrel-windows-ix86+x86_64

Version: 0.6.64
Check: examples
Result: ERROR
    Running examples in ‘clickR-Ex.R’ failed
    The error most likely occurred in:
    
    > ### Name: fix_concat
    > ### Title: fix_concat
    > ### Aliases: fix_concat
    >
    > ### ** Examples
    >
    > mydata <- data.frame(concat=c("a", "b", "a b" , "a b, c", "a; c"),
    + numeric = c(1, 2, 3, 4, 5))
    > fix_concat(mydata, "concat")
    Error in strsplit(x[, varname], sep) : non-character argument
    Calls: fix_concat -> sapply -> lapply -> unique -> unlist -> strsplit
    Execution halted
Flavors: r-oldrel-macos-x86_64, r-oldrel-windows-ix86+x86_64