Last updated on 2023-11-30 15:48:11 CET.
Flavor | Version | Tinstall | Tcheck | Ttotal | Status | Flags |
---|---|---|---|---|---|---|
r-devel-linux-x86_64-debian-clang | 0.9.39 | 4.23 | 39.82 | 44.05 | OK | |
r-devel-linux-x86_64-debian-gcc | 0.9.39 | 4.19 | 29.69 | 33.88 | OK | |
r-devel-linux-x86_64-fedora-clang | 0.9.39 | 58.76 | NOTE | |||
r-devel-linux-x86_64-fedora-gcc | 0.9.39 | 56.08 | NOTE | |||
r-devel-windows-x86_64 | 0.9.39 | 5.00 | 58.00 | 63.00 | OK | |
r-patched-linux-x86_64 | 0.9.39 | 6.18 | 38.60 | 44.78 | OK | |
r-release-linux-x86_64 | 0.9.39 | 5.24 | 38.58 | 43.82 | OK | |
r-release-macos-arm64 | 0.9.39 | 22.00 | OK | |||
r-release-macos-x86_64 | 0.9.39 | 36.00 | OK | |||
r-release-windows-x86_64 | 0.9.39 | 7.00 | 62.00 | 69.00 | OK | |
r-oldrel-macos-arm64 | 0.9.39 | 21.00 | OK | |||
r-oldrel-macos-x86_64 | 0.9.39 | 35.00 | OK | |||
r-oldrel-windows-x86_64 | 0.9.39 | 6.00 | 56.00 | 62.00 | OK |
Version: 0.9.39
Check: data for non-ASCII characters
Result: NOTE
Note: found 1 marked UTF-8 string
Flavors: r-devel-linux-x86_64-fedora-clang, r-devel-linux-x86_64-fedora-gcc