Last updated on 2023-06-03 19:57:09 CEST.
Flavor | Version | Tinstall | Tcheck | Ttotal | Status | Flags |
---|---|---|---|---|---|---|
r-devel-linux-x86_64-debian-clang | 0.5.2 | 5.43 | 52.63 | 58.06 | OK | |
r-devel-linux-x86_64-debian-gcc | 0.5.2 | 3.91 | 40.84 | 44.75 | OK | |
r-devel-linux-x86_64-fedora-clang | 0.5.2 | 75.02 | NOTE | |||
r-devel-linux-x86_64-fedora-gcc | 0.5.2 | 82.20 | NOTE | |||
r-devel-windows-x86_64 | 0.5.2 | 9.00 | 82.00 | 91.00 | OK | |
r-patched-linux-x86_64 | 0.5.2 | OK | ||||
r-release-linux-x86_64 | 0.5.2 | 4.76 | 51.44 | 56.20 | OK | |
r-release-macos-arm64 | 0.5.2 | 45.00 | OK | |||
r-release-macos-x86_64 | 0.5.2 | 60.00 | OK | |||
r-release-windows-x86_64 | 0.5.2 | 10.00 | 93.00 | 103.00 | OK | |
r-oldrel-macos-arm64 | 0.5.2 | 54.00 | OK | |||
r-oldrel-macos-x86_64 | 0.5.2 | 67.00 | OK | |||
r-oldrel-windows-x86_64 | 0.5.2 | 10.00 | 93.00 | 103.00 | OK |
Version: 0.5.2
Check: data for non-ASCII characters
Result: NOTE
Note: found 10332 marked UTF-8 strings
Flavors: r-devel-linux-x86_64-fedora-clang, r-devel-linux-x86_64-fedora-gcc