CRAN Package Check Results for Package clifro

Last updated on 2019-10-15 15:47:33 CEST.

Flavor Version Tinstall Tcheck Ttotal Status Flags
r-devel-linux-x86_64-debian-clang 3.2-2 9.89 74.22 84.11 OK
r-devel-linux-x86_64-debian-gcc 3.2-2 8.58 57.26 65.84 OK
r-devel-linux-x86_64-fedora-clang 3.2-2 100.96 OK
r-devel-linux-x86_64-fedora-gcc 3.2-2 97.99 OK
r-devel-windows-ix86+x86_64 3.2-2 21.00 91.00 112.00 OK
r-patched-linux-x86_64 3.2-2 9.20 71.65 80.85 OK
r-patched-solaris-x86 3.2-2 140.40 OK --no-tests
r-release-linux-x86_64 3.2-2 9.36 71.86 81.22 OK
r-release-windows-ix86+x86_64 3.2-2 29.00 92.00 121.00 OK
r-release-osx-x86_64 3.2-2 OK
r-oldrel-windows-ix86+x86_64 3.2-2 12.00 76.00 88.00 WARN
r-oldrel-osx-x86_64 3.2-2 OK

Check Details

Version: 3.2-2
Check: whether package can be installed
Result: WARN
    Found the following significant warnings:
     Warning: S3 methods '[.fun_list', '[.grouped_df', 'all.equal.tbl_df', 'anti_join.data.frame', 'anti_join.tbl_df', 'arrange.data.frame', 'arrange.default', 'arrange.grouped_df', 'arrange.tbl_df', 'arrange_.data.frame', 'arrange_.tbl_df', 'as.data.frame.grouped_df', 'as.data.frame.rowwise_df', 'as.data.frame.tbl_cube', 'as.table.tbl_cube', 'as.tbl.data.frame', 'as.tbl.tbl', 'as.tbl_cube.array', 'as.tbl_cube.data.frame', 'as.tbl_cube.matrix', 'as.tbl_cube.table', 'as_tibble.grouped_df', 'as_tibble.tbl_cube', 'auto_copy.tbl_cube', 'auto_copy.tbl_df', 'cbind.grouped_df', 'collapse.data.frame', 'collect.data.frame', 'common_by.NULL', 'common_by.character', 'common_by.default', 'common_by.list', 'compute.data.frame', 'copy_to.DBIConnection', 'copy_to.src_local', 'default_missing.data.frame', 'default_missing.default', 'dim.tbl_cube', 'distinct.data.frame', 'distinct.default', 'distinct.grouped_df', 'distinct.tbl_df', 'distinct_.data.frame', 'distinct_.grouped_df', 'distinct_.tbl_df', 'do.NULL', 'do.da [... truncated]
Flavor: r-oldrel-windows-ix86+x86_64