CRAN Package Check Results for Package climaemet

Last updated on 2023-12-06 20:48:52 CET.

Flavor Version Tinstall Tcheck Ttotal Status Flags
r-devel-linux-x86_64-debian-clang 1.2.0 7.63 67.58 75.21 OK
r-devel-linux-x86_64-debian-gcc 1.2.0 6.63 51.06 57.69 OK
r-devel-linux-x86_64-fedora-clang 1.2.0 93.54 NOTE
r-devel-linux-x86_64-fedora-gcc 1.2.0 101.33 NOTE
r-devel-windows-x86_64 1.2.0 8.00 75.00 83.00 OK
r-patched-linux-x86_64 1.2.0 6.33 63.63 69.96 OK
r-release-linux-x86_64 1.2.0 7.92 64.64 72.56 OK
r-release-macos-arm64 1.2.0 38.00 OK
r-release-macos-x86_64 1.2.0 83.00 OK
r-release-windows-x86_64 1.2.0 11.00 81.00 92.00 OK
r-oldrel-macos-arm64 1.2.0 34.00 OK
r-oldrel-macos-x86_64 1.2.0 50.00 OK
r-oldrel-windows-x86_64 1.2.0 11.00 83.00 94.00 OK

Check Details

Version: 1.2.0
Check: data for non-ASCII characters
Result: NOTE Note: found 8737 marked UTF-8 strings Flavors: r-devel-linux-x86_64-fedora-clang, r-devel-linux-x86_64-fedora-gcc