CRAN Package Check Results for Package climatol

Last updated on 2017-12-14 21:49:18 CET.

Flavor Version Tinstall Tcheck Ttotal Status Flags
r-devel-linux-x86_64-debian-clang 3.0 0.91 28.37 29.28 OK
r-devel-linux-x86_64-debian-gcc 3.0 0.86 25.81 26.67 OK
r-devel-linux-x86_64-fedora-clang 3.0 37.21 OK
r-devel-linux-x86_64-fedora-gcc 3.0 38.15 OK
r-devel-windows-ix86+x86_64 3.0 4.00 41.00 45.00 OK
r-patched-linux-x86_64 3.0 0.90 31.06 31.96 OK
r-patched-solaris-x86 3.0 49.30 OK
r-release-linux-x86_64 3.0 0.87 32.31 33.18 OK
r-release-windows-ix86+x86_64 3.0 2.00 35.00 37.00 OK
r-release-osx-x86_64 3.0 NOTE
r-oldrel-windows-ix86+x86_64 3.0 3.00 49.00 52.00 OK
r-oldrel-osx-x86_64 3.0 NOTE

Check Details

Version: 3.0
Check: package dependencies
Result: NOTE
    Packages suggested but not available for checking: ‘ncdf4’ ‘RODBC’
Flavor: r-release-osx-x86_64

Version: 3.0
Check: package dependencies
Result: NOTE
    Package suggested but not available for checking: ‘RODBC’
Flavor: r-oldrel-osx-x86_64