CRAN Package Check Results for Package climatol

Last updated on 2017-10-20 19:46:07.

Flavor Version Tinstall Tcheck Ttotal Status Flags
r-devel-linux-x86_64-debian-clang 3.0 0.76 20.65 21.41 OK
r-devel-linux-x86_64-debian-gcc 3.0 0.77 20.89 21.66 OK
r-devel-linux-x86_64-fedora-clang 3.0 38.77 OK
r-devel-linux-x86_64-fedora-gcc 3.0 43.45 OK
r-devel-windows-ix86+x86_64 3.0 4.00 53.00 57.00 OK
r-patched-linux-x86_64 3.0 0.77 20.68 21.44 OK
r-patched-solaris-x86 3.0 50.30 OK
r-release-linux-x86_64 3.0 0.76 20.69 21.45 OK
r-release-windows-ix86+x86_64 3.0 5.00 46.00 51.00 OK
r-release-osx-x86_64 3.0 NOTE
r-oldrel-windows-ix86+x86_64 3.0 2.00 52.00 54.00 OK
r-oldrel-osx-x86_64 3.0 NOTE

Check Details

Version: 3.0
Check: package dependencies
Result: NOTE
    Packages suggested but not available for checking: ‘ncdf4’ ‘RODBC’
Flavor: r-release-osx-x86_64

Version: 3.0
Check: package dependencies
Result: NOTE
    Package suggested but not available for checking: ‘RODBC’
Flavor: r-oldrel-osx-x86_64