Last updated on 2023-12-11 21:00:19 CET.
Flavor | Version | Tinstall | Tcheck | Ttotal | Status | Flags |
---|---|---|---|---|---|---|
r-devel-linux-x86_64-debian-clang | 0.5 | 3.61 | 43.61 | 47.22 | OK | |
r-devel-linux-x86_64-debian-gcc | 0.5 | 4.08 | 33.20 | 37.28 | OK | |
r-devel-linux-x86_64-fedora-clang | 0.5 | 60.52 | NOTE | |||
r-devel-linux-x86_64-fedora-gcc | 0.5 | 72.36 | OK | |||
r-devel-windows-x86_64 | 0.5 | 7.00 | 57.00 | 64.00 | NOTE | |
r-patched-linux-x86_64 | 0.5 | 4.54 | 43.03 | 47.57 | OK | |
r-release-linux-x86_64 | 0.5 | 3.92 | 42.81 | 46.73 | OK | |
r-release-macos-arm64 | 0.5 | 37.00 | NOTE | |||
r-release-macos-x86_64 | 0.5 | 42.00 | NOTE | |||
r-release-windows-x86_64 | 0.5 | 8.00 | 62.00 | 70.00 | NOTE | |
r-oldrel-macos-arm64 | 0.5 | 26.00 | NOTE | |||
r-oldrel-macos-x86_64 | 0.5 | 42.00 | NOTE | |||
r-oldrel-windows-x86_64 | 0.5 | 8.00 | 62.00 | 70.00 | NOTE |
Version: 0.5
Check: installed package size
Result: NOTE
installed size is 5.6Mb
sub-directories of 1Mb or more:
data 3.4Mb
doc 1.9Mb
Flavors: r-devel-linux-x86_64-fedora-clang, r-devel-windows-x86_64, r-release-macos-arm64, r-release-macos-x86_64, r-release-windows-x86_64, r-oldrel-macos-arm64, r-oldrel-macos-x86_64, r-oldrel-windows-x86_64