Last updated on 2021-03-01 07:48:26 CET.
Flavor | Version | Tinstall | Tcheck | Ttotal | Status | Flags |
---|---|---|---|---|---|---|
r-devel-linux-x86_64-debian-clang | 0.4.1 | NOTE | ||||
r-devel-linux-x86_64-debian-gcc | 0.4.1 | 1.68 | 29.81 | 31.49 | NOTE | |
r-devel-linux-x86_64-fedora-clang | 0.4.1 | 60.05 | NOTE | |||
r-devel-linux-x86_64-fedora-gcc | 0.4.1 | 48.48 | NOTE | |||
r-devel-windows-ix86+x86_64 | 0.4.1 | 5.00 | 49.00 | 54.00 | NOTE | |
r-patched-linux-x86_64 | 0.4.1 | 2.44 | 37.22 | 39.66 | NOTE | |
r-patched-solaris-x86 | 0.4.1 | 69.70 | NOTE | |||
r-release-linux-x86_64 | 0.4.1 | 2.10 | 37.23 | 39.33 | NOTE | |
r-release-macos-x86_64 | 0.4.1 | NOTE | ||||
r-release-windows-ix86+x86_64 | 0.4.1 | 5.00 | 45.00 | 50.00 | NOTE | |
r-oldrel-macos-x86_64 | 0.4.1 | NOTE | ||||
r-oldrel-windows-ix86+x86_64 | 0.4.1 | 5.00 | 49.00 | 54.00 | NOTE |
Version: 0.4.1
Check: package dependencies
Result: NOTE
Package suggested but not available for checking: 'scio'
Flavors: r-devel-linux-x86_64-debian-clang, r-devel-linux-x86_64-debian-gcc, r-devel-linux-x86_64-fedora-clang, r-devel-linux-x86_64-fedora-gcc, r-patched-linux-x86_64, r-patched-solaris-x86, r-release-linux-x86_64
Version: 0.4.1
Check: R code for possible problems
Result: NOTE
clime: no visible global function definition for 'cov'
cv.clime: no visible global function definition for 'cov'
cv.clime: no visible binding for global variable 'sd'
Undefined global functions or variables:
cov sd
Consider adding
importFrom("stats", "cov", "sd")
to your NAMESPACE file.
Flavors: r-devel-linux-x86_64-debian-clang, r-devel-linux-x86_64-debian-gcc, r-devel-linux-x86_64-fedora-clang, r-devel-linux-x86_64-fedora-gcc, r-devel-windows-ix86+x86_64, r-patched-linux-x86_64, r-patched-solaris-x86, r-release-linux-x86_64, r-release-macos-x86_64, r-release-windows-ix86+x86_64, r-oldrel-macos-x86_64, r-oldrel-windows-ix86+x86_64