CRAN Package Check Results for Package clime

Last updated on 2019-09-18 23:49:55 CEST.

Flavor Version Tinstall Tcheck Ttotal Status Flags
r-devel-linux-x86_64-debian-clang 0.4.1 2.10 34.23 36.33 NOTE
r-devel-linux-x86_64-debian-gcc 0.4.1 1.66 26.22 27.88 NOTE
r-devel-linux-x86_64-fedora-clang 0.4.1 42.09 NOTE
r-devel-linux-x86_64-fedora-gcc 0.4.1 41.15 NOTE
r-devel-windows-ix86+x86_64 0.4.1 10.00 65.00 75.00 NOTE
r-patched-linux-x86_64 0.4.1 1.68 33.09 34.77 NOTE
r-patched-solaris-x86 0.4.1 59.90 NOTE
r-release-linux-x86_64 0.4.1 1.59 33.08 34.67 NOTE
r-release-windows-ix86+x86_64 0.4.1 5.00 70.00 75.00 NOTE
r-release-osx-x86_64 0.4.1 NOTE
r-oldrel-windows-ix86+x86_64 0.4.1 3.00 50.00 53.00 NOTE
r-oldrel-osx-x86_64 0.4.1 NOTE

Check Details

Version: 0.4.1
Check: R code for possible problems
Result: NOTE
    clime: no visible global function definition for 'cov'
    cv.clime: no visible global function definition for 'cov'
    cv.clime: no visible binding for global variable 'sd'
    Undefined global functions or variables:
     cov sd
    Consider adding
     importFrom("stats", "cov", "sd")
    to your NAMESPACE file.
Flavors: r-devel-linux-x86_64-debian-clang, r-devel-linux-x86_64-debian-gcc, r-devel-linux-x86_64-fedora-clang, r-devel-linux-x86_64-fedora-gcc, r-devel-windows-ix86+x86_64, r-patched-linux-x86_64, r-patched-solaris-x86, r-release-linux-x86_64, r-release-windows-ix86+x86_64, r-release-osx-x86_64, r-oldrel-windows-ix86+x86_64, r-oldrel-osx-x86_64