CRAN Package Check Results for Package clime

Last updated on 2020-02-22 22:47:42 CET.

Flavor Version Tinstall Tcheck Ttotal Status Flags
r-devel-linux-x86_64-debian-clang 0.4.1 2.38 37.01 39.39 NOTE
r-devel-linux-x86_64-debian-gcc 0.4.1 1.92 28.03 29.95 NOTE
r-devel-linux-x86_64-fedora-clang 0.4.1 46.29 NOTE
r-devel-linux-x86_64-fedora-gcc 0.4.1 44.00 NOTE
r-devel-windows-ix86+x86_64 0.4.1 6.00 53.00 59.00 NOTE
r-devel-windows-ix86+x86_64-gcc8 0.4.1 9.00 71.00 80.00 NOTE
r-patched-linux-x86_64 0.4.1 NOTE
r-patched-solaris-x86 0.4.1 57.70 NOTE
r-release-linux-x86_64 0.4.1 1.90 32.87 34.77 NOTE
r-release-windows-ix86+x86_64 0.4.1 21.00 73.00 94.00 NOTE
r-release-osx-x86_64 0.4.1 NOTE
r-oldrel-windows-ix86+x86_64 0.4.1 4.00 69.00 73.00 NOTE
r-oldrel-osx-x86_64 0.4.1 NOTE

Check Details

Version: 0.4.1
Check: R code for possible problems
Result: NOTE
    clime: no visible global function definition for 'cov'
    cv.clime: no visible global function definition for 'cov'
    cv.clime: no visible binding for global variable 'sd'
    Undefined global functions or variables:
     cov sd
    Consider adding
     importFrom("stats", "cov", "sd")
    to your NAMESPACE file.
Flavors: r-devel-linux-x86_64-debian-clang, r-devel-linux-x86_64-debian-gcc, r-devel-linux-x86_64-fedora-clang, r-devel-linux-x86_64-fedora-gcc, r-devel-windows-ix86+x86_64, r-devel-windows-ix86+x86_64-gcc8, r-patched-linux-x86_64, r-patched-solaris-x86, r-release-linux-x86_64, r-release-windows-ix86+x86_64, r-release-osx-x86_64, r-oldrel-windows-ix86+x86_64, r-oldrel-osx-x86_64