CRAN Package Check Results for Package clinspacy

Last updated on 2021-10-27 01:51:13 CEST.

Flavor Version Tinstall Tcheck Ttotal Status Flags
r-devel-linux-x86_64-debian-clang 1.0.2 3.18 29.80 32.98 NOTE
r-devel-linux-x86_64-debian-gcc 1.0.2 2.08 22.62 24.70 NOTE
r-devel-linux-x86_64-fedora-clang 1.0.2 49.07 NOTE
r-devel-linux-x86_64-fedora-gcc 1.0.2 39.17 NOTE
r-devel-windows-x86_64 1.0.2 5.00 48.00 53.00 NOTE
r-devel-windows-x86_64-gcc10-UCRT 1.0.2 NOTE
r-patched-linux-x86_64 1.0.2 3.25 28.23 31.48 NOTE
r-patched-solaris-x86 1.0.2 60.30 NOTE
r-release-linux-x86_64 1.0.2 2.99 27.88 30.87 NOTE
r-release-macos-arm64 1.0.2 NOTE
r-release-macos-x86_64 1.0.2 NOTE
r-release-windows-ix86+x86_64 1.0.2 6.00 46.00 52.00 NOTE
r-oldrel-macos-x86_64 1.0.2 OK
r-oldrel-windows-ix86+x86_64 1.0.2 7.00 48.00 55.00 OK

Check Details

Version: 1.0.2
Check: LazyData
Result: NOTE
     'LazyData' is specified without a 'data' directory
Flavors: r-devel-linux-x86_64-debian-clang, r-devel-linux-x86_64-debian-gcc, r-devel-linux-x86_64-fedora-clang, r-devel-linux-x86_64-fedora-gcc, r-devel-windows-x86_64, r-devel-windows-x86_64-gcc10-UCRT, r-patched-linux-x86_64, r-patched-solaris-x86, r-release-linux-x86_64, r-release-macos-arm64, r-release-macos-x86_64, r-release-windows-ix86+x86_64