CRAN Package Check Results for Package clogitL1

Last updated on 2020-01-27 17:48:25 CET.

Flavor Version Tinstall Tcheck Ttotal Status Flags
r-devel-linux-x86_64-debian-clang 1.5 27.38 25.34 52.72 OK
r-devel-linux-x86_64-debian-gcc 1.5 17.39 20.43 37.82 OK
r-devel-linux-x86_64-fedora-clang 1.5 72.33 NOTE
r-devel-linux-x86_64-fedora-gcc 1.5 65.06 NOTE
r-devel-windows-ix86+x86_64 1.5 73.00 78.00 151.00 OK
r-devel-windows-ix86+x86_64-gcc8 1.5 75.00 60.00 135.00 OK
r-patched-linux-x86_64 1.5 18.61 24.00 42.61 OK
r-patched-solaris-x86 1.5 73.90 OK
r-release-linux-x86_64 1.5 19.07 23.79 42.86 OK
r-release-windows-ix86+x86_64 1.5 52.00 53.00 105.00 OK
r-release-osx-x86_64 1.5 OK
r-oldrel-windows-ix86+x86_64 1.5 43.00 50.00 93.00 OK
r-oldrel-osx-x86_64 1.5 OK

Check Details

Version: 1.5
Check: compiled code
Result: NOTE
    File ‘clogitL1/libs/clogitL1.so’:
     Found no calls to: ‘R_registerRoutines’, ‘R_useDynamicSymbols’
    
    It is good practice to register native routines and to disable symbol
    search.
    
    See ‘Writing portable packages’ in the ‘Writing R Extensions’ manual.
Flavors: r-devel-linux-x86_64-fedora-clang, r-devel-linux-x86_64-fedora-gcc