CRAN Package Check Results for Package clogitL1

Last updated on 2020-10-01 01:48:35 CEST.

Flavor Version Tinstall Tcheck Ttotal Status Flags
r-devel-linux-x86_64-debian-clang 1.5 30.81 27.20 58.01 OK
r-devel-linux-x86_64-debian-gcc 1.5 20.12 21.30 41.42 OK
r-devel-linux-x86_64-fedora-clang 1.5 92.61 NOTE
r-devel-linux-x86_64-fedora-gcc 1.5 68.95 NOTE
r-devel-windows-ix86+x86_64 1.5 72.00 71.00 143.00 OK
r-patched-linux-x86_64 1.5 25.49 26.33 51.82 OK
r-patched-solaris-x86 1.5 78.60 OK
r-release-linux-x86_64 1.5 28.16 26.34 54.50 OK
r-release-macos-x86_64 1.5 OK
r-release-windows-ix86+x86_64 1.5 72.00 65.00 137.00 OK
r-oldrel-macos-x86_64 1.5 OK
r-oldrel-windows-ix86+x86_64 1.5 66.00 72.00 138.00 OK

Check Details

Version: 1.5
Check: compiled code
Result: NOTE
    File ‘clogitL1/libs/clogitL1.so’:
     Found no calls to: ‘R_registerRoutines’, ‘R_useDynamicSymbols’
    
    It is good practice to register native routines and to disable symbol
    search.
    
    See ‘Writing portable packages’ in the ‘Writing R Extensions’ manual.
Flavors: r-devel-linux-x86_64-fedora-clang, r-devel-linux-x86_64-fedora-gcc