CRAN Package Check Results for Package clogitboost

Last updated on 2020-11-30 18:51:12 CET.

Flavor Version Tinstall Tcheck Ttotal Status Flags
r-devel-linux-x86_64-debian-clang 1.1 23.48 44.26 67.74 OK
r-devel-linux-x86_64-debian-gcc 1.1 18.61 31.57 50.18 OK
r-devel-linux-x86_64-fedora-clang 1.1 84.01 NOTE
r-devel-linux-x86_64-fedora-gcc 1.1 69.69 NOTE
r-devel-windows-ix86+x86_64 1.1 44.00 114.00 158.00 OK
r-patched-linux-x86_64 1.1 30.68 40.90 71.58 OK
r-patched-solaris-x86 1.1 89.20 OK
r-release-linux-x86_64 1.1 30.76 42.50 73.26 OK
r-release-macos-x86_64 1.1 OK
r-release-windows-ix86+x86_64 1.1 45.00 90.00 135.00 OK
r-oldrel-macos-x86_64 1.1 OK
r-oldrel-windows-ix86+x86_64 1.1 32.00 107.00 139.00 OK

Check Details

Version: 1.1
Check: compiled code
Result: NOTE
    File ‘clogitboost/libs/clogitboost.so’:
     Found no calls to: ‘R_registerRoutines’, ‘R_useDynamicSymbols’
    
    It is good practice to register native routines and to disable symbol
    search.
    
    See ‘Writing portable packages’ in the ‘Writing R Extensions’ manual.
Flavors: r-devel-linux-x86_64-fedora-clang, r-devel-linux-x86_64-fedora-gcc