Last updated on 2023-03-23 11:59:34 CET.
Flavor | Version | Tinstall | Tcheck | Ttotal | Status | Flags |
---|---|---|---|---|---|---|
r-devel-linux-x86_64-debian-clang | 0.6.1 | 3.61 | 36.40 | 40.01 | NOTE | |
r-devel-linux-x86_64-debian-gcc | 0.6.1 | 3.36 | 29.03 | 32.39 | NOTE | |
r-devel-linux-x86_64-fedora-clang | 0.6.1 | 54.94 | NOTE | |||
r-devel-linux-x86_64-fedora-gcc | 0.6.1 | 72.86 | NOTE | |||
r-devel-windows-x86_64 | 0.6.1 | 32.00 | 92.00 | 124.00 | NOTE | |
r-patched-linux-x86_64 | 0.6.1 | 6.93 | 36.94 | 43.87 | NOTE | |
r-release-linux-x86_64 | 0.6.1 | 4.23 | 37.55 | 41.78 | NOTE | |
r-release-macos-arm64 | 0.6.1 | 26.00 | NOTE | |||
r-release-macos-x86_64 | 0.6.1 | 35.00 | NOTE | |||
r-release-windows-x86_64 | 0.6.1 | 34.00 | 73.00 | 107.00 | NOTE | |
r-oldrel-macos-arm64 | 0.6.1 | 25.00 | NOTE | |||
r-oldrel-macos-x86_64 | 0.6.1 | 42.00 | NOTE | |||
r-oldrel-windows-ix86+x86_64 | 0.6.1 | 8.00 | 66.00 | 74.00 | NOTE |
Version: 0.6.1
Check: LazyData
Result: NOTE
'LazyData' is specified without a 'data' directory
Flavors: r-devel-linux-x86_64-debian-clang, r-devel-linux-x86_64-debian-gcc, r-devel-linux-x86_64-fedora-clang, r-devel-linux-x86_64-fedora-gcc, r-devel-windows-x86_64, r-patched-linux-x86_64, r-release-linux-x86_64, r-release-macos-arm64, r-release-macos-x86_64, r-release-windows-x86_64, r-oldrel-macos-arm64, r-oldrel-macos-x86_64, r-oldrel-windows-ix86+x86_64