CRAN Package Check Results for Package clr

Last updated on 2024-02-21 01:49:16 CET.

Flavor Version Tinstall Tcheck Ttotal Status Flags
r-devel-linux-x86_64-debian-clang 0.1.2 NOTE
r-devel-linux-x86_64-debian-gcc 0.1.2 6.00 40.63 46.63 NOTE
r-devel-linux-x86_64-fedora-clang 0.1.2 75.48 OK
r-devel-linux-x86_64-fedora-gcc 0.1.2 71.30 OK
r-devel-windows-x86_64 0.1.2 7.00 57.00 64.00 OK
r-patched-linux-x86_64 0.1.2 6.60 51.93 58.53 OK
r-release-linux-x86_64 0.1.2 7.75 51.09 58.84 OK
r-release-macos-arm64 0.1.2 27.00 OK
r-release-macos-x86_64 0.1.2 39.00 OK
r-release-windows-x86_64 0.1.2 10.00 65.00 75.00 OK
r-oldrel-macos-arm64 0.1.2 25.00 OK
r-oldrel-windows-x86_64 0.1.2 9.00 68.00 77.00 OK

Check Details

Version: 0.1.2
Check: Rd files
Result: NOTE checkRd: (-1) clr.Rd:24: Lost braces 24 | the sense that its Karhunen-Lo\`{e}ve decomposition has qx terms only.} | ^ Flavors: r-devel-linux-x86_64-debian-clang, r-devel-linux-x86_64-debian-gcc