CRAN Package Check Results for Package clubSandwich

Last updated on 2021-09-20 10:53:24 CEST.

Flavor Version Tinstall Tcheck Ttotal Status Flags
r-devel-linux-x86_64-debian-clang 0.5.3 5.91 278.54 284.45 OK
r-devel-linux-x86_64-debian-gcc 0.5.3 4.54 207.58 212.12 OK
r-devel-linux-x86_64-fedora-clang 0.5.3 335.84 OK
r-devel-linux-x86_64-fedora-gcc 0.5.3 326.52 OK
r-devel-windows-x86_64 0.5.3 6.00 255.00 261.00 OK
r-devel-windows-x86_64-gcc10-UCRT 0.5.3 ERROR
r-patched-linux-x86_64 0.5.3 6.06 269.29 275.35 OK
r-patched-solaris-x86 0.5.3 484.00 OK
r-release-linux-x86_64 0.5.3 5.75 268.20 273.95 OK
r-release-macos-arm64 0.5.3 OK
r-release-macos-x86_64 0.5.3 OK
r-release-windows-ix86+x86_64 0.5.3 11.00 247.00 258.00 OK
r-oldrel-macos-x86_64 0.5.3 OK
r-oldrel-windows-ix86+x86_64 0.5.3 10.00 334.00 344.00 OK

Check Details

Version: 0.5.3
Check: whether package can be installed
Result: WARN
    Found the following significant warnings:
     WARNING: installation-time patches will not be applied, could not get the patches index
Flavor: r-devel-windows-x86_64-gcc10-UCRT

Version: 0.5.3
Check: PDF version of manual
Result: WARN
    LaTeX errors when creating PDF version.
    This typically indicates Rd problems.
Flavor: r-devel-windows-x86_64-gcc10-UCRT

Version: 0.5.3
Check: PDF version of manual without hyperrefs or index
Result: ERROR
    Re-running with no redirection of stdout/stderr.
Flavor: r-devel-windows-x86_64-gcc10-UCRT