CRAN Package Check Results for Package clubSandwich

Last updated on 2022-01-18 23:47:40 CET.

Flavor Version Tinstall Tcheck Ttotal Status Flags
r-devel-linux-x86_64-debian-clang 0.5.4 5.11 302.48 307.59 OK
r-devel-linux-x86_64-debian-gcc 0.5.4 5.29 234.79 240.08 OK
r-devel-linux-x86_64-fedora-clang 0.5.5 380.85 OK
r-devel-linux-x86_64-fedora-gcc 0.5.5 362.86 OK
r-devel-windows-x86_64-new-UL 0.5.4 135.00 354.00 489.00 OK
r-devel-windows-x86_64-new-TK 0.5.4 ERROR
r-patched-linux-x86_64 0.5.4 7.24 293.88 301.12 OK
r-release-linux-x86_64 0.5.4 OK
r-release-macos-arm64 0.5.4 ERROR
r-release-macos-x86_64 0.5.4 WARN --as-cran
r-release-windows-ix86+x86_64 0.5.4 15.00 340.00 355.00 OK
r-oldrel-macos-x86_64 0.5.3 OK
r-oldrel-windows-ix86+x86_64 0.5.4 13.00 342.00 355.00 OK

Check Details

Version: 0.5.4
Check: package dependencies
Result: NOTE
    Packages suggested but not available for checking: 'mlmRev', 'AER', 'lme4'
Flavor: r-devel-windows-x86_64-new-TK

Version: 0.5.4
Check: Rd cross-references
Result: NOTE
    Packages unavailable to check Rd xrefs: 'AER', 'lme4'
Flavor: r-devel-windows-x86_64-new-TK

Version: 0.5.4
Check: examples
Result: ERROR
    Running examples in 'clubSandwich-Ex.R' failed
    The error most likely occurred in:
    
    > ### Name: vcovCR.ivreg
    > ### Title: Cluster-robust variance-covariance matrix for an ivreg object.
    > ### Aliases: vcovCR.ivreg
    >
    > ### ** Examples
    >
    > library(AER)
    Error in library(AER) : there is no package called 'AER'
    Execution halted
Flavor: r-devel-windows-x86_64-new-TK

Version: 0.5.4
Check: tests
Result: ERROR
     Running 'testthat.R'
    Running the tests in 'tests/testthat.R' failed.
    Complete output:
     > library(testthat)
     > library(clubSandwich)
     Registered S3 method overwritten by 'clubSandwich':
     method from
     bread.mlm sandwich
     >
     > test_check("clubSandwich")
     Coef. Estimate SE t-stat d.f. (z) p-val (z) Sig. d.f. (naive-t)
     (Intercept) 0.879 0.461 1.905 Inf 0.0568 . 14
     X_btwB -0.837 0.965 -0.867 Inf 0.3860 14
     X_btwC -0.411 0.636 -0.647 Inf 0.5178 14
     X_wth -0.145 0.175 -0.829 Inf 0.4070 14
     p-val (naive-t) Sig. d.f. (naive-tp) p-val (naive-tp) Sig. d.f. (Satt)
     0.0775 . 11 0.0832 . 4.26
     0.4006 11 0.4045 6.00
     0.5283 11 0.5311 6.37
     0.4209 11 0.4246 14.00
     p-val (Satt) Sig. s.p. p-val (Saddle) Sig.
     0.125 0.298 0.124
     0.419 -0.142 0.416
     0.540 -0.599 0.535
     0.421 -0.212 0.415
     Coef. Estimate SE d.f. Lower 95% CI Upper 95% CI p-value Sig.
     (Intercept) 12.188 0.966 9.98 10.03 14.3420 <0.001 ***
     sin(2 * pi * Time) -2.813 0.531 9.98 -4.00 -1.6283 <0.001 ***
     cos(2 * pi * Time) -0.829 0.384 10.00 -1.68 0.0257 0.056 .
     ══ Skipped tests ═══════════════════════════════════════════════════════════════
     • Not yet ready to test. (1)
     • On CRAN (12)
     • packageVersion("metafor") < "3.1.31" is TRUE (2)
    
     ══ Failed tests ════════════════════════════════════════════════════════════════
     ── Error (test_Wald.R:203:1): (code run outside of `test_that()`) ──────────────
     <packageNotFoundError/error/condition>
     Error in `find.package(package, lib.loc, verbose = verbose)`: there is no package called 'AER'
     Backtrace:
     █
     1. └─utils::data(STAR, package = "AER") test_Wald.R:203:0
     2. └─base::find.package(package, lib.loc, verbose = verbose)
     ── Error (test_estfun.R:4:1): (code run outside of `test_that()`) ──────────────
     <packageNotFoundError/error/condition>
     Error in `library(AER, quietly = TRUE)`: there is no package called 'AER'
     Backtrace:
     █
     1. └─base::library(AER, quietly = TRUE) test_estfun.R:4:0
     ── Error (test_ivreg.R:5:1): (code run outside of `test_that()`) ───────────────
     <packageNotFoundError/error/condition>
     Error in `library(AER, quietly = TRUE)`: there is no package called 'AER'
     Backtrace:
     █
     1. └─base::library(AER, quietly = TRUE) test_ivreg.R:5:0
     ── Error (test_lme_2level.R:4:1): (code run outside of `test_that()`) ──────────
     <packageNotFoundError/error/condition>
     Error in `library(lme4, quietly = TRUE)`: there is no package called 'lme4'
     Backtrace:
     █
     1. ├─base::suppressMessages(library(lme4, quietly = TRUE)) test_lme_2level.R:4:0
     2. │ └─base::withCallingHandlers(...)
     3. └─base::library(lme4, quietly = TRUE)
     ── Error (test_lme_3level.R:4:1): (code run outside of `test_that()`) ──────────
     <packageNotFoundError/error/condition>
     Error in `library(lme4, quietly = TRUE)`: there is no package called 'lme4'
     Backtrace:
     █
     1. ├─base::suppressMessages(library(lme4, quietly = TRUE)) test_lme_3level.R:4:0
     2. │ └─base::withCallingHandlers(...)
     3. └─base::library(lme4, quietly = TRUE)
     ── Error (test_lmerMod.R:4:1): (code run outside of `test_that()`) ─────────────
     <packageNotFoundError/error/condition>
     Error in `library(lme4, quietly = TRUE)`: there is no package called 'lme4'
     Backtrace:
     █
     1. ├─base::suppressMessages(library(lme4, quietly = TRUE)) test_lmerMod.R:4:0
     2. │ └─base::withCallingHandlers(...)
     3. └─base::library(lme4, quietly = TRUE)
     ── Error (test_plm-first-differences.R:6:1): (code run outside of `test_that()`) ──
     <packageNotFoundError/error/condition>
     Error in `find.package(package, lib.loc, verbose = verbose)`: there is no package called 'AER'
     Backtrace:
     █
     1. └─utils::data(Fatalities, package = "AER") test_plm-first-differences.R:6:0
     2. └─base::find.package(package, lib.loc, verbose = verbose)
    
     [ FAIL 7 | WARN 0 | SKIP 15 | PASS 805 ]
     Error: Test failures
     Execution halted
Flavor: r-devel-windows-x86_64-new-TK

Version: 0.5.4
Check: re-building of vignette outputs
Result: WARN
    Error(s) in re-building vignettes:
    --- re-building 'Wald-tests-in-clubSandwich.Rmd' using rmarkdown
    Registered S3 method overwritten by 'clubSandwich':
     method from
     bread.mlm sandwich
    Quitting from lines 22-32 (Wald-tests-in-clubSandwich.Rmd)
    Error: processing vignette 'Wald-tests-in-clubSandwich.Rmd' failed with diagnostics:
    there is no package called 'AER'
    --- failed re-building 'Wald-tests-in-clubSandwich.Rmd'
    
    --- re-building 'meta-analysis-with-CRVE.Rmd' using rmarkdown
    Loading required package: Matrix
    
    Loading the 'metafor' package (version 3.0-2). For an
    introduction to the package please type: help(metafor)
    
    --- finished re-building 'meta-analysis-with-CRVE.Rmd'
    
    --- re-building 'panel-data-CRVE.Rmd' using rmarkdown
    --- finished re-building 'panel-data-CRVE.Rmd'
    
    SUMMARY: processing the following file failed:
     'Wald-tests-in-clubSandwich.Rmd'
    
    Error: Vignette re-building failed.
    Execution halted
Flavor: r-devel-windows-x86_64-new-TK

Version: 0.5.4
Check: examples
Result: ERROR
    Running examples in ‘clubSandwich-Ex.R’ failed
    The error most likely occurred in:
    
    > ### Name: vcovCR.lmerMod
    > ### Title: Cluster-robust variance-covariance matrix for an lmerMod object.
    > ### Aliases: vcovCR.lmerMod
    >
    > ### ** Examples
    >
    > library(lme4)
    Loading required package: Matrix
    Error: package or namespace load failed for ‘lme4’ in loadNamespace(j <- i[[1L]], c(lib.loc, .libPaths()), versionCheck = vI[[j]]):
     there is no package called ‘nloptr’
    Execution halted
Flavor: r-release-macos-arm64

Version: 0.5.4
Check: tests
Result: ERROR
     Running ‘testthat.R’ [70s/107s]
    Running the tests in ‘tests/testthat.R’ failed.
    Last 13 lines of output:
     ══ Skipped tests ═══════════════════════════════════════════════════════════════
     • Need to understand target-unbiasedness for ivreg objects. (1)
     • Not yet ready to test. (1)
     • On CRAN (20)
     • empty test (1)
     • packageVersion("metafor") < "3.1.31" is TRUE (2)
    
     ══ Failed tests ════════════════════════════════════════════════════════════════
     ── Failure (test_rma-mv.R:471:3): clubSandwich agrees with metafor::robust() for CR1p. ──
     `rob_CR1` not equal to `test_CR1`.
     Component "p_saddle": Mean relative difference: 2.423261e-08
    
     [ FAIL 1 | WARN 0 | SKIP 25 | PASS 1036 ]
     Error: Test failures
     Execution halted
Flavor: r-release-macos-arm64

Version: 0.5.4
Flags: --as-cran
Check: CRAN incoming feasibility
Result: WARN
    Maintainer: ‘James Pustejovsky <jepusto@gmail.com>’
    
    Insufficient package version (submitted: 0.5.4, existing: 0.5.4)
    
    Days since last update: 0
Flavor: r-release-macos-x86_64