CRAN Package Check Results for Package clue

Last updated on 2020-03-29 11:47:10 CEST.

Flavor Version Tinstall Tcheck Ttotal Status Flags
r-devel-linux-x86_64-debian-clang 0.3-57 OK
r-devel-linux-x86_64-debian-gcc 0.3-57 8.23 54.65 62.88 OK
r-devel-linux-x86_64-fedora-clang 0.3-57 103.20 OK
r-devel-linux-x86_64-fedora-gcc 0.3-57 94.63 OK
r-devel-windows-ix86+x86_64 0.3-57 19.00 98.00 117.00 OK
r-devel-windows-ix86+x86_64-gcc8 0.3-57 23.00 111.00 134.00 OK
r-patched-linux-x86_64 0.3-57 10.61 69.30 79.91 OK
r-patched-solaris-x86 0.3-57 130.90 NOTE
r-release-linux-x86_64 0.3-57 8.84 64.04 72.88 OK
r-release-windows-ix86+x86_64 0.3-57 34.00 113.00 147.00 OK
r-release-osx-x86_64 0.3-57 OK
r-oldrel-windows-ix86+x86_64 0.3-57 25.00 123.00 148.00 OK
r-oldrel-osx-x86_64 0.3-57 OK

Check Details

Version: 0.3-57
Check: package dependencies
Result: NOTE
    Package which this enhances but not available for checking: ‘RWeka’
Flavor: r-patched-solaris-x86