CRAN Package Check Results for Package clue

Last updated on 2020-08-12 14:50:12 CEST.

Flavor Version Tinstall Tcheck Ttotal Status Flags
r-devel-linux-x86_64-debian-clang 0.3-57 10.60 72.18 82.78 OK
r-devel-linux-x86_64-debian-gcc 0.3-57 7.92 54.54 62.46 OK
r-devel-linux-x86_64-fedora-clang 0.3-57 105.78 NOTE
r-devel-linux-x86_64-fedora-gcc 0.3-57 95.15 OK
r-devel-windows-ix86+x86_64 0.3-57 26.00 138.00 164.00 OK
r-patched-linux-x86_64 0.3-57 9.26 71.33 80.59 OK
r-patched-solaris-x86 0.3-57 131.20 NOTE
r-release-linux-x86_64 0.3-57 10.74 71.29 82.03 OK
r-release-macos-x86_64 0.3-57 OK
r-release-windows-ix86+x86_64 0.3-57 22.00 110.00 132.00 OK
r-oldrel-macos-x86_64 0.3-57 OK
r-oldrel-windows-ix86+x86_64 0.3-57 20.00 128.00 148.00 OK

Check Details

Version: 0.3-57
Check: Rd cross-references
Result: NOTE
    Undeclared packages ‘mlbench’, ‘fpc’ in Rd xrefs
Flavor: r-devel-linux-x86_64-fedora-clang

Version: 0.3-57
Check: package dependencies
Result: NOTE
    Package which this enhances but not available for checking: ‘RWeka’
Flavor: r-patched-solaris-x86