CRAN Package Check Results for Package clue

Last updated on 2020-01-26 19:49:21 CET.

Flavor Version Tinstall Tcheck Ttotal Status Flags
r-devel-linux-x86_64-debian-clang 0.3-57 11.72 71.61 83.33 OK
r-devel-linux-x86_64-debian-gcc 0.3-57 8.28 54.48 62.76 OK
r-devel-linux-x86_64-fedora-clang 0.3-57 98.93 OK
r-devel-linux-x86_64-fedora-gcc 0.3-57 101.17 OK
r-devel-windows-ix86+x86_64 0.3-57 34.00 150.00 184.00 OK
r-devel-windows-ix86+x86_64-gcc8 0.3-57 28.00 143.00 171.00 OK
r-patched-linux-x86_64 0.3-57 8.54 63.70 72.24 OK
r-patched-solaris-x86 0.3-57 123.90 NOTE
r-release-linux-x86_64 0.3-57 8.09 63.67 71.76 OK
r-release-windows-ix86+x86_64 0.3-57 20.00 110.00 130.00 OK
r-release-osx-x86_64 0.3-57 OK
r-oldrel-windows-ix86+x86_64 0.3-57 26.00 141.00 167.00 OK
r-oldrel-osx-x86_64 0.3-57 OK

Check Details

Version: 0.3-57
Check: package dependencies
Result: NOTE
    Package which this enhances but not available for checking: ‘RWeka’
Flavor: r-patched-solaris-x86