CRAN Package Check Results for Package clue

Last updated on 2019-01-22 13:50:38 CET.

Flavor Version Tinstall Tcheck Ttotal Status Flags
r-devel-linux-x86_64-debian-clang 0.3-56 9.04 63.58 72.62 OK
r-devel-linux-x86_64-debian-gcc 0.3-56 6.96 48.56 55.52 OK
r-devel-linux-x86_64-fedora-clang 0.3-56 87.15 OK
r-devel-linux-x86_64-fedora-gcc 0.3-56 80.56 OK
r-devel-windows-ix86+x86_64 0.3-56 31.00 124.00 155.00 OK
r-patched-linux-x86_64 0.3-56 7.93 58.99 66.92 OK
r-patched-solaris-x86 0.3-56 111.60 NOTE
r-release-linux-x86_64 0.3-56 7.59 58.57 66.16 OK
r-release-windows-ix86+x86_64 0.3-56 16.00 116.00 132.00 OK
r-release-osx-x86_64 0.3-56 OK
r-oldrel-windows-ix86+x86_64 0.3-56 15.00 101.00 116.00 OK
r-oldrel-osx-x86_64 0.3-56 OK

Check Details

Version: 0.3-56
Check: package dependencies
Result: NOTE
    Package which this enhances but not available for checking: ‘RWeka’
Flavor: r-patched-solaris-x86