CRAN Package Check Results for Package clue

Last updated on 2017-03-30 19:47:35.

Flavor Version Tinstall Tcheck Ttotal Status Flags
r-devel-linux-x86_64-debian-clang 0.3-53 2.60 42.23 44.82 OK
r-devel-linux-x86_64-debian-gcc 0.3-53 2.45 40.78 43.23 OK
r-devel-linux-x86_64-fedora-clang 0.3-53 85.64 OK --no-stop-on-test-error
r-devel-linux-x86_64-fedora-gcc 0.3-53 78.24 OK --no-stop-on-test-error
r-devel-macos-x86_64-clang 0.3-53 64.17 OK --no-stop-on-test-error
r-devel-windows-ix86+x86_64 0.3-53 16.00 89.00 105.00 OK
r-patched-linux-x86_64 0.3-53 2.37 40.83 43.19 OK
r-patched-solaris-sparc 0.3-53 489.10 OK
r-patched-solaris-x86 0.3-53 OK
r-release-linux-x86_64 0.3-53 2.30 37.91 40.22 OK
r-release-osx-x86_64-mavericks 0.3-53 OK
r-release-windows-ix86+x86_64 0.3-53 33.00 94.00 127.00 WARN
r-oldrel-windows-ix86+x86_64 0.3-53 52.00 110.00 162.00 OK

Check Details

Version: 0.3-53
Check: re-building of vignette outputs
Result: WARN
    Error in re-building vignettes:
     ...
    Iteration: 7 Rho: 97870.3 P: 9.40848e-08
    Iteration: 8 Rho: 978703 P: 9.4229e-10
    Iteration: 9 Rho: 9.78703e+06 P: 9.42419e-12
    Iteration: 10 Rho: 9.78703e+07 P: 9.42432e-14
    Iteration: 11 Rho: 9.78703e+08 P: 9.42477e-16
    Minimum: 6.43155
    SUMT run: 1
    Iteration: 0 Rho: 0.00104103 P: 1.46104
    Iteration: 1 Rho: 0.00104103 P: 1.46104
    Iteration: 2 Rho: 0.0104103 P: 0.0677137
    Iteration: 3 Rho: 0.104103 P: 0.00606964
    Iteration: 4 Rho: 1.04103 P: 6.54679e-05
    Iteration: 5 Rho: 10.4103 P: 7.05791e-07
    Iteration: 6 Rho: 104.103 P: 7.10254e-09
    Iteration: 7 Rho: 1041.03 P: 7.07779e-11
    Iteration: 8 Rho: 10410.3 P: 7.09584e-13
    Iteration: 9 Rho: 104103 P: 7.06903e-15
    Iteration: 10 Rho: 1.04103e+06 P: 7.08373e-17
    Minimum: 0.000329205
    The "ward" method has been renamed to "ward.D"; note new "ward.D2"
    Warning: running command '"D:\compiler\texmf\miktex\bin\texify.exe" --quiet --pdf "clue.tex" --max-iterations=20 -I "D:/RCompile/recent/R-3.3.3/share/texmf/tex/latex" -I "D:/RCompile/recent/R-3.3.3/share/texmf/bibtex/bst"' had status 1
    Error in find_vignette_product(name, by = "texi2pdf", engine = engine) :
     Failed to locate the 'texi2pdf' output file (by engine 'utils::Sweave') for vignette with name 'clue'. The following files exist in directory '.': 'clue-004.pdf', 'clue-006.pdf', 'clue-009.pdf', 'clue-013.pdf', 'clue-031.pdf', 'clue.Rnw', 'clue.tex', 'cluster.bib'
    Calls: buildVignettes -> find_vignette_product
    Execution halted
Flavor: r-release-windows-ix86+x86_64