CRAN Package Check Results for Package clue

Last updated on 2019-06-21 01:46:52 CEST.

Flavor Version Tinstall Tcheck Ttotal Status Flags
r-devel-linux-x86_64-debian-clang 0.3-57 10.41 64.03 74.44 OK
r-devel-linux-x86_64-debian-gcc 0.3-57 7.36 50.30 57.66 OK
r-devel-linux-x86_64-fedora-clang 0.3-57 87.55 OK
r-devel-linux-x86_64-fedora-gcc 0.3-57 84.01 OK
r-devel-windows-ix86+x86_64 0.3-57 31.00 104.00 135.00 OK
r-patched-linux-x86_64 0.3-57 9.58 64.29 73.87 OK
r-patched-solaris-x86 0.3-57 128.80 NOTE
r-release-linux-x86_64 0.3-57 8.89 64.02 72.91 OK
r-release-windows-ix86+x86_64 0.3-57 34.00 119.00 153.00 OK
r-release-osx-x86_64 0.3-57 OK
r-oldrel-windows-ix86+x86_64 0.3-57 18.00 119.00 137.00 OK
r-oldrel-osx-x86_64 0.3-57 OK

Check Details

Version: 0.3-57
Check: package dependencies
Result: NOTE
    Package which this enhances but not available for checking: ‘RWeka’
Flavor: r-patched-solaris-x86