CRAN Package Check Results for Package clue

Last updated on 2019-10-23 20:47:18 CEST.

Flavor Version Tinstall Tcheck Ttotal Status Flags
r-devel-linux-x86_64-debian-clang 0.3-57 10.44 64.73 75.17 OK
r-devel-linux-x86_64-debian-gcc 0.3-57 8.23 50.18 58.41 OK
r-devel-linux-x86_64-fedora-clang 0.3-57 104.92 OK
r-devel-linux-x86_64-fedora-gcc 0.3-57 87.76 OK
r-devel-windows-ix86+x86_64 0.3-57 32.00 107.00 139.00 OK
r-patched-linux-x86_64 0.3-57 8.82 64.29 73.11 OK
r-patched-solaris-x86 0.3-57 125.60 NOTE
r-release-linux-x86_64 0.3-57 8.46 63.58 72.04 OK
r-release-windows-ix86+x86_64 0.3-57 31.00 95.00 126.00 OK
r-release-osx-x86_64 0.3-57 OK
r-oldrel-windows-ix86+x86_64 0.3-57 37.00 132.00 169.00 OK
r-oldrel-osx-x86_64 0.3-57 OK

Check Details

Version: 0.3-57
Check: package dependencies
Result: NOTE
    Package which this enhances but not available for checking: ‘RWeka’
Flavor: r-patched-solaris-x86