CRAN Package Check Results for Package clue

Last updated on 2020-06-07 05:47:33 CEST.

Flavor Version Tinstall Tcheck Ttotal Status Flags
r-devel-linux-x86_64-debian-clang 0.3-57 10.03 71.73 81.76 OK
r-devel-linux-x86_64-debian-gcc 0.3-57 8.72 54.43 63.15 OK
r-devel-linux-x86_64-fedora-clang 0.3-57 107.30 OK
r-devel-linux-x86_64-fedora-gcc 0.3-57 95.96 OK
r-devel-windows-ix86+x86_64 0.3-57 30.00 104.00 134.00 OK
r-patched-linux-x86_64 0.3-57 9.99 70.55 80.54 OK
r-patched-solaris-x86 0.3-57 132.60 NOTE
r-release-linux-x86_64 0.3-57 8.98 70.39 79.37 OK
r-release-osx-x86_64 0.3-57 OK
r-release-windows-ix86+x86_64 0.3-57 21.00 135.00 156.00 OK
r-oldrel-osx-x86_64 0.3-57 OK
r-oldrel-windows-ix86+x86_64 0.3-57 43.00 101.00 144.00 OK

Check Details

Version: 0.3-57
Check: package dependencies
Result: NOTE
    Package which this enhances but not available for checking: ‘RWeka’
Flavor: r-patched-solaris-x86