Last updated on 2021-04-16 13:50:15 CEST.
Flavor | Version | Tinstall | Tcheck | Ttotal | Status | Flags |
---|---|---|---|---|---|---|
r-devel-linux-x86_64-debian-clang | 0.3-58 | 10.74 | 79.14 | 89.88 | OK | |
r-devel-linux-x86_64-debian-gcc | 0.3-58 | 8.70 | 59.92 | 68.62 | OK | |
r-devel-linux-x86_64-fedora-clang | 0.3-58 | 117.12 | NOTE | |||
r-devel-linux-x86_64-fedora-gcc | 0.3-58 | 106.08 | OK | |||
r-devel-windows-ix86+x86_64 | 0.3-58 | 23.00 | 124.00 | 147.00 | OK | |
r-devel-windows-x86_64-gcc10-UCRT | 0.3-58 | OK | ||||
r-patched-linux-x86_64 | 0.3-58 | 9.99 | 74.41 | 84.40 | OK | |
r-patched-solaris-x86 | 0.3-58 | 143.60 | NOTE | |||
r-release-linux-x86_64 | 0.3-58 | 9.54 | 75.07 | 84.61 | OK | |
r-release-macos-x86_64 | 0.3-58 | OK | ||||
r-release-windows-ix86+x86_64 | 0.3-58 | 18.00 | 107.00 | 125.00 | OK | |
r-oldrel-macos-x86_64 | 0.3-58 | OK | ||||
r-oldrel-windows-ix86+x86_64 | 0.3-58 | 15.00 | 116.00 | 131.00 | OK |
Version: 0.3-58
Check: Rd cross-references
Result: NOTE
Undeclared packages ‘mlbench’, ‘fpc’ in Rd xrefs
Flavor: r-devel-linux-x86_64-fedora-clang
Version: 0.3-58
Check: package dependencies
Result: NOTE
Package which this enhances but not available for checking: ‘RWeka’
Flavor: r-patched-solaris-x86