CRAN Package Check Results for Package clue

Last updated on 2022-08-13 02:51:27 CEST.

Flavor Version Tinstall Tcheck Ttotal Status Flags
r-devel-linux-x86_64-debian-clang 0.3-61 10.54 84.73 95.27 OK
r-devel-linux-x86_64-debian-gcc 0.3-61 8.69 62.90 71.59 OK
r-devel-linux-x86_64-fedora-clang 0.3-61 121.35 NOTE
r-devel-linux-x86_64-fedora-gcc 0.3-61 120.01 OK
r-devel-windows-x86_64 0.3-61 45.00 136.00 181.00 OK
r-patched-linux-x86_64 0.3-61 10.71 79.75 90.46 OK
r-release-linux-x86_64 0.3-61 9.00 78.63 87.63 OK
r-release-macos-arm64 0.3-61 53.00 OK
r-release-macos-x86_64 0.3-61 61.00 OK
r-release-windows-x86_64 0.3-61 55.00 136.00 191.00 OK
r-oldrel-macos-arm64 0.3-61 45.00 OK
r-oldrel-macos-x86_64 0.3-61 59.00 OK
r-oldrel-windows-ix86+x86_64 0.3-61 23.00 127.00 150.00 OK

Check Details

Version: 0.3-61
Check: Rd cross-references
Result: NOTE
    Undeclared packages ‘mlbench’, ‘fpc’ in Rd xrefs
Flavor: r-devel-linux-x86_64-fedora-clang