Last updated on 2023-09-27 00:10:04 CEST.
Flavor | Version | Tinstall | Tcheck | Ttotal | Status | Flags |
---|---|---|---|---|---|---|
r-devel-linux-x86_64-debian-clang | 1.0.1 | 3.56 | 153.65 | 157.21 | OK | |
r-devel-linux-x86_64-debian-gcc | 1.0.1 | 2.63 | 113.39 | 116.02 | OK | |
r-devel-linux-x86_64-fedora-clang | 1.0.1 | 186.29 | OK | |||
r-devel-linux-x86_64-fedora-gcc | 1.0.1 | 196.94 | OK | |||
r-devel-windows-x86_64 | 1.0.1 | 5.00 | 142.00 | 147.00 | OK | |
r-patched-linux-x86_64 | 1.0.1 | 3.79 | 146.40 | 150.19 | OK | |
r-release-linux-x86_64 | 1.0.1 | 3.63 | 148.38 | 152.01 | OK | |
r-release-macos-arm64 | 1.0.1 | 63.00 | OK | |||
r-release-macos-x86_64 | 1.0.1 | 214.00 | OK | |||
r-release-windows-x86_64 | 1.0.1 | 4.00 | 181.00 | 185.00 | OK | |
r-oldrel-macos-arm64 | 1.0.1 | 89.00 | ERROR | |||
r-oldrel-macos-x86_64 | 1.0.1 | 115.00 | ERROR | |||
r-oldrel-windows-x86_64 | 1.0.1 | 6.00 | 173.00 | 179.00 | OK |
Version: 1.0.1
Check: PDF version of manual
Result: WARN
LaTeX errors when creating PDF version.
This typically indicates Rd problems.
LaTeX errors found:
! Undefined control sequence.
<argument> ...{C}=c\mathbf {U}\cdot \operatorname
{diag}(\mathbf {s}) + \mat...
l.149 \mathbf{1}\,\mathbf{o}^T}{}
Flavors: r-oldrel-macos-arm64, r-oldrel-macos-x86_64
Version: 1.0.1
Check: PDF version of manual without index
Result: ERROR
Flavors: r-oldrel-macos-arm64, r-oldrel-macos-x86_64