Last updated on 2023-09-30 00:56:01 CEST.
Flavor | Version | Tinstall | Tcheck | Ttotal | Status | Flags |
---|---|---|---|---|---|---|
r-devel-linux-x86_64-debian-clang | 1.1.0 | 4.19 | 31.83 | 36.02 | NOTE | |
r-devel-linux-x86_64-debian-gcc | 1.1.0 | 2.81 | 24.96 | 27.77 | NOTE | |
r-devel-linux-x86_64-fedora-clang | 1.1.0 | 43.95 | NOTE | |||
r-devel-linux-x86_64-fedora-gcc | 1.1.0 | 43.87 | NOTE | |||
r-devel-windows-x86_64 | 1.1.0 | 7.00 | 51.00 | 58.00 | NOTE | |
r-patched-linux-x86_64 | 1.1.0 | 4.10 | 31.30 | 35.40 | NOTE | |
r-release-linux-x86_64 | 1.1.0 | 3.72 | 31.40 | 35.12 | NOTE | |
r-release-macos-arm64 | 1.1.0 | 19.00 | NOTE | |||
r-release-macos-x86_64 | 1.1.0 | 27.00 | NOTE | |||
r-release-windows-x86_64 | 1.1.0 | 10.00 | 52.00 | 62.00 | NOTE | |
r-oldrel-macos-arm64 | 1.1.0 | 23.00 | NOTE | |||
r-oldrel-macos-x86_64 | 1.1.0 | 25.00 | NOTE | |||
r-oldrel-windows-x86_64 | 1.1.0 | 7.00 | 57.00 | 64.00 | NOTE |
Version: 1.1.0
Check: package subdirectories
Result: NOTE
Problems with news in ‘NEWS.md’:
No news entries found.
Flavors: r-devel-linux-x86_64-debian-clang, r-devel-linux-x86_64-debian-gcc, r-devel-linux-x86_64-fedora-clang, r-devel-linux-x86_64-fedora-gcc, r-devel-windows-x86_64, r-patched-linux-x86_64, r-release-linux-x86_64, r-release-macos-arm64, r-release-macos-x86_64, r-release-windows-x86_64
Version: 1.1.0
Check: LazyData
Result: NOTE
'LazyData' is specified without a 'data' directory
Flavors: r-devel-linux-x86_64-debian-clang, r-devel-linux-x86_64-debian-gcc, r-devel-linux-x86_64-fedora-clang, r-devel-linux-x86_64-fedora-gcc, r-devel-windows-x86_64, r-patched-linux-x86_64, r-release-linux-x86_64, r-release-macos-arm64, r-release-macos-x86_64, r-release-windows-x86_64, r-oldrel-macos-arm64, r-oldrel-macos-x86_64, r-oldrel-windows-x86_64