CRAN Package Check Results for Package cluster

Last updated on 2022-01-21 16:10:05 CET.

Flavor Version Tinstall Tcheck Ttotal Status Flags
r-devel-linux-x86_64-debian-clang 2.1.2 7.84 132.30 140.14 OK
r-devel-linux-x86_64-debian-gcc 2.1.2 8.84 100.50 109.34 OK
r-devel-linux-x86_64-fedora-clang 2.1.2 194.63 NOTE
r-devel-linux-x86_64-fedora-gcc 2.1.2 175.26 OK
r-devel-windows-x86_64-new-UL 2.1.2 123.00 174.00 297.00 OK
r-devel-windows-x86_64-new-TK 2.1.2 OK
r-patched-linux-x86_64 2.1.2 11.44 135.90 147.34 OK
r-release-linux-x86_64 2.1.2 10.28 125.26 135.54 OK
r-release-macos-arm64 2.1.2 OK
r-release-macos-x86_64 2.1.2 OK
r-release-windows-ix86+x86_64 2.1.2 30.00 266.00 296.00 OK
r-oldrel-macos-x86_64 2.1.2 OK
r-oldrel-windows-ix86+x86_64 2.1.2 29.00 264.00 293.00 OK

Check Details

Version: 2.1.2
Check: Rd cross-references
Result: NOTE
    Undeclared packages ‘mvoutlier’, ‘fpc’, ‘ellipse’, ‘sfsmisc’ in Rd xrefs
Flavor: r-devel-linux-x86_64-fedora-clang