Last updated on 2023-11-30 15:48:11 CET.
Flavor | Version | Tinstall | Tcheck | Ttotal | Status | Flags |
---|---|---|---|---|---|---|
r-devel-linux-x86_64-debian-clang | 2.1.4 | 10.58 | 145.68 | 156.26 | WARN | |
r-devel-linux-x86_64-debian-gcc | 2.1.5 | 7.76 | 99.88 | 107.64 | OK | |
r-devel-linux-x86_64-fedora-clang | 2.1.5 | 191.39 | OK | |||
r-devel-linux-x86_64-fedora-gcc | 2.1.5 | 189.38 | OK | |||
r-devel-windows-x86_64 | 2.1.4 | 14.00 | 136.00 | 150.00 | WARN | |
r-patched-linux-x86_64 | 2.1.5 | 14.41 | 139.20 | 153.61 | OK | |
r-release-linux-x86_64 | 2.1.4 | 12.64 | 138.76 | 151.40 | OK | |
r-release-macos-arm64 | 2.1.5 | 69.00 | OK | |||
r-release-macos-x86_64 | 2.1.4 | 108.00 | NOTE | |||
r-release-windows-x86_64 | 2.1.5 | 21.00 | 162.00 | 183.00 | OK | |
r-oldrel-macos-arm64 | 2.1.5 | 74.00 | OK | |||
r-oldrel-macos-x86_64 | 2.1.4 | 108.00 | OK | |||
r-oldrel-windows-x86_64 | 2.1.5 | 22.00 | 158.00 | 180.00 | OK |
Version: 2.1.4
Check: whether package can be installed
Result: WARN
Found the following significant warnings:
clara.c:313:21: warning: format specifies type 'int' but the argument has type 'int *' [-Wformat]
See ‘/home/hornik/tmp/R.check/r-devel-clang/Work/PKGS/cluster.Rcheck/00install.out’ for details.
* used C compiler: ‘Debian clang version 17.0.5 (1)’
* used Fortran compiler: ‘Debian flang-new version 17.0.5 (1)’
Flavor: r-devel-linux-x86_64-debian-clang
Version: 2.1.4
Check: Rd files
Result: NOTE
prepare_Rd: NEWS.Rd:395-396: Dropping empty section ‘Changes in version 1.14.0 (2011-06-07, svn r....)’
Flavors: r-devel-linux-x86_64-debian-clang, r-devel-windows-x86_64
Version: 2.1.4
Check: whether package can be installed
Result: WARN
Found the following significant warnings:
clara.c:312:11: warning: format '%d' expects argument of type 'int', but argument 4 has type 'int *' [-Wformat=]
See 'd:/Rcompile/CRANpkg/local/4.4/cluster.Rcheck/00install.out' for details.
* used C compiler: 'gcc.exe (GCC) 12.3.0'
* used Fortran compiler: 'GNU Fortran (GCC) 12.3.0'
Flavor: r-devel-windows-x86_64
Version: 2.1.4
Check: Rd cross-references
Result: NOTE
Packages unavailable to check Rd xrefs: ‘mvoutlier’, ‘fpc’, ‘ellipse’
Flavor: r-release-macos-x86_64