CRAN Package Check Results for Package cluster

Last updated on 2021-05-08 03:53:22 CEST.

Flavor Version Tinstall Tcheck Ttotal Status Flags
r-devel-linux-x86_64-debian-clang 2.1.2 8.40 138.41 146.81 OK
r-devel-linux-x86_64-debian-gcc 2.1.2 8.19 100.45 108.64 OK
r-devel-linux-x86_64-fedora-clang 2.1.2 190.72 NOTE
r-devel-linux-x86_64-fedora-gcc 2.1.2 172.79 OK
r-devel-windows-ix86+x86_64 2.1.2 26.00 266.00 292.00 OK
r-devel-windows-x86_64-gcc10-UCRT 2.1.2 OK
r-patched-linux-x86_64 2.1.2 12.09 130.57 142.66 OK
r-patched-solaris-x86 2.1.2 OK
r-release-linux-x86_64 2.1.2 9.19 126.36 135.55 OK
r-release-macos-x86_64 2.1.2 OK
r-release-windows-ix86+x86_64 2.1.2 27.00 215.00 242.00 OK
r-oldrel-macos-x86_64 2.1.2 OK
r-oldrel-windows-ix86+x86_64 2.1.2 27.00 210.00 237.00 OK

Check Details

Version: 2.1.2
Check: Rd cross-references
Result: NOTE
    Undeclared packages ‘mvoutlier’, ‘fpc’, ‘ellipse’, ‘sfsmisc’ in Rd xrefs
Flavor: r-devel-linux-x86_64-fedora-clang