CRAN Package Check Results for Package cluster

Last updated on 2022-12-06 05:51:15 CET.

Flavor Version Tinstall Tcheck Ttotal Status Flags
r-devel-linux-x86_64-debian-clang 2.1.4 10.74 148.44 159.18 OK
r-devel-linux-x86_64-debian-gcc 2.1.4 7.96 101.72 109.68 OK
r-devel-linux-x86_64-fedora-clang 2.1.4 212.08 NOTE
r-devel-linux-x86_64-fedora-gcc 2.1.4 198.16 OK
r-devel-windows-x86_64 2.1.4 84.00 190.00 274.00 OK
r-patched-linux-x86_64 2.1.4 13.10 129.82 142.92 OK
r-release-linux-x86_64 2.1.4 10.08 136.30 146.38 OK
r-release-macos-arm64 2.1.4 57.00 OK
r-release-macos-x86_64 2.1.4 108.00 OK
r-release-windows-x86_64 2.1.4 55.00 185.00 240.00 OK
r-oldrel-macos-arm64 2.1.4 56.00 OK
r-oldrel-macos-x86_64 2.1.4 109.00 OK
r-oldrel-windows-ix86+x86_64 2.1.4 31.00 272.00 303.00 OK

Check Details

Version: 2.1.4
Check: Rd cross-references
Result: NOTE
    Undeclared packages ‘mvoutlier’, ‘fpc’, ‘ellipse’, ‘sfsmisc’ in Rd xrefs
Flavor: r-devel-linux-x86_64-fedora-clang