CRAN Package Check Results for Package clusterCrit

Last updated on 2022-12-02 12:54:48 CET.

Flavor Version Tinstall Tcheck Ttotal Status Flags
r-devel-linux-x86_64-debian-clang 1.2.8 7.12 32.08 39.20 WARN
r-devel-linux-x86_64-debian-gcc 1.2.8 5.85 25.52 31.37 WARN
r-devel-linux-x86_64-fedora-clang 1.2.8 63.46 WARN
r-devel-linux-x86_64-fedora-gcc 1.2.8 64.84 WARN
r-devel-windows-x86_64 1.2.8 66.00 83.00 149.00 OK
r-patched-linux-x86_64 1.2.8 6.48 31.31 37.79 OK
r-release-linux-x86_64 1.2.8 6.60 32.32 38.92 OK
r-release-macos-arm64 1.2.8 27.00 OK
r-release-macos-x86_64 1.2.8 34.00 OK
r-release-windows-x86_64 1.2.8 107.00 84.00 191.00 OK
r-oldrel-macos-arm64 1.2.8 34.00 OK
r-oldrel-macos-x86_64 1.2.8 46.00 OK
r-oldrel-windows-ix86+x86_64 1.2.8 18.00 64.00 82.00 OK

Check Details

Version: 1.2.8
Check: whether package can be installed
Result: WARN
    Found the following significant warnings:
     ./criteria.h:45:33: warning: a function declaration without a prototype is deprecated in all versions of C [-Wstrict-prototypes]
     ./criteria.h:48:33: warning: a function declaration without a prototype is deprecated in all versions of C [-Wstrict-prototypes]
Flavors: r-devel-linux-x86_64-debian-clang, r-devel-linux-x86_64-fedora-clang

Version: 1.2.8
Check: whether package can be installed
Result: WARN
    Found the following significant warnings:
     criteria.h:45:1: warning: function declaration isn’t a prototype [-Wstrict-prototypes]
     criteria.h:48:1: warning: function declaration isn’t a prototype [-Wstrict-prototypes]
Flavors: r-devel-linux-x86_64-debian-gcc, r-devel-linux-x86_64-fedora-gcc

Version: 1.2.8
Check: top-level files
Result: NOTE
     possible bashism in cleanup line 15 (brace expansion):
     rm -f src/*.{o,so,mod}
     possible bashism in cleanup line 17 (brace expansion):
     rm -f config.{log,status}
     possible bashism in cleanup line 22 (brace expansion):
     rm -f vignettes/*.{tex,aux,bbl,blg,log,toc,idx,ind,ilg,out,synctex.gz}
Flavors: r-devel-linux-x86_64-fedora-clang, r-devel-linux-x86_64-fedora-gcc