Last updated on 2021-03-02 18:47:35 CET.
Flavor | Version | Tinstall | Tcheck | Ttotal | Status | Flags |
---|---|---|---|---|---|---|
r-devel-linux-x86_64-debian-clang | 0.7.0 | OK | ||||
r-devel-linux-x86_64-debian-gcc | 0.7.0 | 12.48 | 63.72 | 76.20 | OK | |
r-devel-linux-x86_64-fedora-clang | 0.7.0 | 136.46 | OK | |||
r-devel-linux-x86_64-fedora-gcc | 0.7.0 | 122.60 | OK | |||
r-devel-windows-ix86+x86_64 | 0.7.0 | 34.00 | 119.00 | 153.00 | OK | |
r-patched-linux-x86_64 | 0.7.0 | 16.13 | 77.94 | 94.07 | OK | |
r-patched-solaris-x86 | 0.7.0 | 157.80 | OK | |||
r-release-linux-x86_64 | 0.7.0 | 15.27 | 78.67 | 93.94 | OK | |
r-release-macos-x86_64 | 0.7.0 | OK | ||||
r-release-windows-ix86+x86_64 | 0.7.0 | 25.00 | 95.00 | 120.00 | OK | |
r-oldrel-macos-x86_64 | 0.7.0 | ERROR | ||||
r-oldrel-windows-ix86+x86_64 | 0.7.0 | 7.00 | 7.00 | 14.00 | ERROR |
Version: 0.7.0
Check: package dependencies
Result: ERROR
Package required and available but unsuitable version: ‘methods’
See section ‘The DESCRIPTION file’ in the ‘Writing R Extensions’
manual.
Flavors: r-oldrel-macos-x86_64, r-oldrel-windows-ix86+x86_64