CRAN Package Check Results for Package clusterSim

Last updated on 2022-11-30 02:52:29 CET.

Flavor Version Tinstall Tcheck Ttotal Status Flags
r-devel-linux-x86_64-debian-clang 0.50-1 11.86 96.10 107.96 NOTE
r-devel-linux-x86_64-debian-gcc 0.50-1 10.63 69.19 79.82 NOTE
r-devel-linux-x86_64-fedora-clang 0.50-1 148.68 NOTE
r-devel-linux-x86_64-fedora-gcc 0.50-1 150.64 NOTE
r-devel-windows-x86_64 0.50-1 64.00 139.00 203.00 NOTE
r-patched-linux-x86_64 0.50-1 15.83 87.75 103.58 OK
r-release-linux-x86_64 0.50-1 10.09 88.47 98.56 OK
r-release-macos-arm64 0.50-1 39.00 OK
r-release-macos-x86_64 0.50-1 52.00 OK
r-release-windows-x86_64 0.50-1 84.00 130.00 214.00 OK
r-oldrel-macos-arm64 0.50-1 34.00 OK
r-oldrel-macos-x86_64 0.50-1 47.00 OK
r-oldrel-windows-ix86+x86_64 0.50-1 25.00 151.00 176.00 OK

Check Details

Version: 0.50-1
Check: Rd files
Result: NOTE
    checkRd: (-1) HINoV.Mod.rd:3: Escaped LaTeX specials: \&
    checkRd: (-1) HINoV.Symbolic.rd:3: Escaped LaTeX specials: \&
    checkRd: (-1) cluster.Gen.rd:14: Escaped LaTeX specials: \_
    checkRd: (-1) cluster.Gen.rd:18: Escaped LaTeX specials: \_
    checkRd: (-1) cluster.Gen.rd:29: Escaped LaTeX specials: \$ \_ \_
    checkRd: (-1) cluster.Gen.rd:33: Escaped LaTeX specials: \_
    checkRd: (-1) cluster.Gen.rd:34: Escaped LaTeX specials: \_
    checkRd: (-1) cluster.Gen.rd:36: Escaped LaTeX specials: \_
    checkRd: (-1) cluster.Gen.rd:38: Escaped LaTeX specials: \_ \_
    checkRd: (-1) cluster.Gen.rd:51: Escaped LaTeX specials: \_
    checkRd: (-1) cluster.Gen.rd:52: Escaped LaTeX specials: \_
    checkRd: (-1) cluster.Gen.rd:54: Escaped LaTeX specials: \_
    checkRd: (-1) cluster.Gen.rd:55: Escaped LaTeX specials: \_
    checkRd: (-1) cluster.Gen.rd:62: Escaped LaTeX specials: \$ \_ \_
    checkRd: (-1) comparing.Partitions.rd:12: Escaped LaTeX specials: \$ \_ \_
    checkRd: (-1) dist.BC.rd:10: Escaped LaTeX specials: \$ \_ \_
    checkRd: (-1) dist.GDM.rd:33: Escaped LaTeX specials: \$ \_ \_
    checkRd: (-1) dist.SM.rd:10: Escaped LaTeX specials: \$ \_ \_
    checkRd: (-1) index.C.rd:11: Escaped LaTeX specials: \$ \_ \_
    checkRd: (-1) index.G2.rd:11: Escaped LaTeX specials: \$ \_ \_
    checkRd: (-1) index.G3.rd:11: Escaped LaTeX specials: \$ \_ \_
    checkRd: (-1) index.H.rd:16: Escaped LaTeX specials: \$ \_ \_
    checkRd: (-1) index.S.rd:12: Escaped LaTeX specials: \$ \_ \_
Flavors: r-devel-linux-x86_64-debian-clang, r-devel-linux-x86_64-debian-gcc, r-devel-linux-x86_64-fedora-clang, r-devel-linux-x86_64-fedora-gcc, r-devel-windows-x86_64