CRAN Package Check Results for Package clusterhap

Last updated on 2020-03-30 18:48:54 CEST.

Flavor Version Tinstall Tcheck Ttotal Status Flags
r-devel-linux-x86_64-debian-clang 0.1 1.99 51.13 53.12 NOTE
r-devel-linux-x86_64-debian-gcc 0.1 1.43 36.51 37.94 NOTE
r-devel-linux-x86_64-fedora-clang 0.1 64.97 NOTE
r-devel-linux-x86_64-fedora-gcc 0.1 60.90 NOTE
r-devel-windows-ix86+x86_64 0.1 7.00 57.00 64.00 OK
r-devel-windows-ix86+x86_64-gcc8 0.1 6.00 60.00 66.00 OK
r-patched-linux-x86_64 0.1 1.59 49.50 51.09 NOTE
r-patched-solaris-x86 0.1 82.30 NOTE
r-release-linux-x86_64 0.1 1.52 45.17 46.69 OK
r-release-windows-ix86+x86_64 0.1 13.00 77.00 90.00 OK
r-release-osx-x86_64 0.1 OK
r-oldrel-windows-ix86+x86_64 0.1 4.00 76.00 80.00 OK
r-oldrel-osx-x86_64 0.1 OK

Check Details

Version: 0.1
Check: for non-standard things in the check directory
Result: NOTE
    Found the following files/directories:
     'clusterhap_reports'
Flavors: r-devel-linux-x86_64-debian-clang, r-devel-linux-x86_64-debian-gcc, r-devel-linux-x86_64-fedora-clang, r-devel-linux-x86_64-fedora-gcc, r-patched-linux-x86_64, r-patched-solaris-x86