CRAN Package Check Results for Package clustering.sc.dp

Last updated on 2021-10-26 04:27:10 CEST.

Flavor Version Tinstall Tcheck Ttotal Status Flags
r-devel-linux-x86_64-debian-clang 1.0 4.81 18.94 23.75 OK
r-devel-linux-x86_64-debian-gcc 1.0 3.40 15.38 18.78 OK
r-devel-linux-x86_64-fedora-clang 1.0 42.93 NOTE
r-devel-linux-x86_64-fedora-gcc 1.0 30.40 NOTE
r-devel-windows-x86_64 1.0 8.00 41.00 49.00 OK
r-devel-windows-x86_64-gcc10-UCRT 1.0 OK
r-patched-linux-x86_64 1.0 4.46 18.85 23.31 OK
r-patched-solaris-x86 1.0 48.90 OK
r-release-linux-x86_64 1.0 4.71 18.73 23.44 OK
r-release-macos-arm64 1.0 OK
r-release-macos-x86_64 1.0 OK
r-release-windows-ix86+x86_64 1.0 13.00 37.00 50.00 OK
r-oldrel-macos-x86_64 1.0 OK
r-oldrel-windows-ix86+x86_64 1.0 11.00 39.00 50.00 OK

Check Details

Version: 1.0
Check: compiled code
Result: NOTE
    File ‘clustering.sc.dp/libs/clustering.sc.dp.so’:
     Found no calls to: ‘R_registerRoutines’, ‘R_useDynamicSymbols’
    
    It is good practice to register native routines and to disable symbol
    search.
    
    See ‘Writing portable packages’ in the ‘Writing R Extensions’ manual.
Flavors: r-devel-linux-x86_64-fedora-clang, r-devel-linux-x86_64-fedora-gcc