CRAN Package Check Results for Package clustermq

Last updated on 2022-09-30 03:54:52 CEST.

Flavor Version Tinstall Tcheck Ttotal Status Flags
r-devel-linux-x86_64-debian-clang 0.8.95.3 45.69 62.12 107.81 OK
r-devel-linux-x86_64-debian-gcc 0.8.95.3 32.10 49.22 81.32 OK
r-devel-linux-x86_64-fedora-clang 0.8.95.3 159.25 NOTE
r-devel-linux-x86_64-fedora-gcc 0.8.95.3 143.49 NOTE
r-devel-windows-x86_64 0.8.95.3 57.00 125.00 182.00 OK
r-patched-linux-x86_64 0.8.95.3 35.57 61.15 96.72 OK
r-release-linux-x86_64 0.8.95.3 37.78 61.44 99.22 OK
r-release-macos-arm64 0.8.95.3 40.00 NOTE
r-release-macos-x86_64 0.8.95.3 72.00 NOTE
r-release-windows-x86_64 0.8.95.3 61.00 127.00 188.00 OK
r-oldrel-macos-arm64 0.8.95.3 51.00 NOTE
r-oldrel-macos-x86_64 0.8.95.3 66.00 NOTE
r-oldrel-windows-ix86+x86_64 0.8.95.3 108.00 124.00 232.00 OK

Check Details

Version: 0.8.95.3
Check: dependencies in R code
Result: NOTE
    Namespaces in Imports field not imported from:
     ‘R6’ ‘methods’ ‘purrr’
     All declared Imports should be used.
Flavors: r-devel-linux-x86_64-fedora-clang, r-devel-linux-x86_64-fedora-gcc, r-release-macos-arm64, r-release-macos-x86_64, r-oldrel-macos-arm64, r-oldrel-macos-x86_64

Version: 0.8.95.3
Check: installed package size
Result: NOTE
     installed size is 14.9Mb
     sub-directories of 1Mb or more:
     libs 13.9Mb
Flavors: r-release-macos-x86_64, r-oldrel-macos-arm64, r-oldrel-macos-x86_64