CRAN Package Check Results for Package clusternomics

Last updated on 2021-11-28 15:48:37 CET.

Flavor Version Tinstall Tcheck Ttotal Status Flags
r-devel-linux-x86_64-debian-clang 0.1.1 NOTE
r-devel-linux-x86_64-debian-gcc 0.1.1 3.15 580.59 583.74 NOTE
r-devel-linux-x86_64-fedora-clang 0.1.1 897.71 NOTE
r-devel-linux-x86_64-fedora-gcc 0.1.1 769.39 NOTE
r-devel-windows-x86_64-new-UL 0.1.1 9.00 40.00 49.00 NOTE --no-examples --no-tests --no-vignettes
r-devel-windows-x86_64-new-TK 0.1.1 NOTE
r-devel-windows-x86_64-old 0.1.1 5.00 54.00 59.00 NOTE --no-examples --no-tests --no-vignettes
r-patched-linux-x86_64 0.1.1 4.21 730.00 734.21 NOTE
r-patched-solaris-x86 0.1.1 707.20 NOTE
r-release-linux-x86_64 0.1.1 3.69 664.21 667.90 NOTE
r-release-macos-arm64 0.1.1 NOTE
r-release-macos-x86_64 0.1.1 NOTE
r-release-windows-ix86+x86_64 0.1.1 8.00 38.00 46.00 NOTE --no-examples --no-tests --no-vignettes
r-oldrel-macos-x86_64 0.1.1 OK
r-oldrel-windows-ix86+x86_64 0.1.1 6.00 53.00 59.00 OK --no-examples --no-tests --no-vignettes

Check Details

Version: 0.1.1
Check: LazyData
Result: NOTE
     'LazyData' is specified without a 'data' directory
Flavors: r-devel-linux-x86_64-debian-clang, r-devel-linux-x86_64-debian-gcc, r-devel-linux-x86_64-fedora-clang, r-devel-linux-x86_64-fedora-gcc, r-devel-windows-x86_64-new-TK, r-patched-linux-x86_64, r-patched-solaris-x86, r-release-linux-x86_64, r-release-macos-arm64, r-release-macos-x86_64

Version: 0.1.1
Flags: --no-examples --no-tests --no-vignettes
Check: LazyData
Result: NOTE
     'LazyData' is specified without a 'data' directory
Flavors: r-devel-windows-x86_64-new-UL, r-devel-windows-x86_64-old, r-release-windows-ix86+x86_64