CRAN Package Check Results for Package clusternomics

Last updated on 2019-05-25 17:48:03 CEST.

Flavor Version Tinstall Tcheck Ttotal Status Flags
r-devel-linux-x86_64-debian-clang 0.1.1 3.65 829.76 833.41 ERROR
r-devel-linux-x86_64-debian-gcc 0.1.1 2.57 530.14 532.71 OK
r-devel-linux-x86_64-fedora-clang 0.1.1 801.14 OK
r-devel-linux-x86_64-fedora-gcc 0.1.1 854.49 OK
r-devel-windows-ix86+x86_64 0.1.1 7.00 72.00 79.00 OK --no-examples --no-tests --no-vignettes
r-patched-linux-x86_64 0.1.1 OK
r-patched-solaris-x86 0.1.1 927.30 OK
r-release-linux-x86_64 0.1.1 3.57 819.91 823.48 ERROR
r-release-windows-ix86+x86_64 0.1.1 9.00 48.00 57.00 OK --no-examples --no-tests --no-vignettes
r-release-osx-x86_64 0.1.1 OK
r-oldrel-windows-ix86+x86_64 0.1.1 6.00 46.00 52.00 OK --no-examples --no-tests --no-vignettes
r-oldrel-osx-x86_64 0.1.1 OK

Check Details

Version: 0.1.1
Check: tests
Result: ERROR
     Running 'testthat.R' [10m/10m]
    Running the tests in 'tests/testthat.R' failed.
    Complete output:
     > library(testthat)
     > library(clusternomics)
     >
     > test_check("clusternomics")
     Killed
Flavors: r-devel-linux-x86_64-debian-clang, r-release-linux-x86_64