CRAN Package Check Results for Package clusternomics

Last updated on 2019-08-18 00:46:08 CEST.

Flavor Version Tinstall Tcheck Ttotal Status Flags
r-devel-linux-x86_64-debian-clang 0.1.1 3.57 825.33 828.90 ERROR
r-devel-linux-x86_64-debian-gcc 0.1.1 3.23 629.54 632.77 OK
r-devel-linux-x86_64-fedora-clang 0.1.1 799.34 OK
r-devel-linux-x86_64-fedora-gcc 0.1.1 745.41 OK
r-devel-windows-ix86+x86_64 0.1.1 8.00 87.00 95.00 OK --no-examples --no-tests --no-vignettes
r-patched-linux-x86_64 0.1.1 3.66 729.04 732.70 OK
r-patched-solaris-x86 0.1.1 870.60 OK
r-release-linux-x86_64 0.1.1 3.62 771.40 775.02 OK
r-release-windows-ix86+x86_64 0.1.1 11.00 47.00 58.00 OK --no-examples --no-tests --no-vignettes
r-release-osx-x86_64 0.1.1 OK
r-oldrel-windows-ix86+x86_64 0.1.1 7.00 71.00 78.00 OK --no-examples --no-tests --no-vignettes
r-oldrel-osx-x86_64 0.1.1 OK

Check Details

Version: 0.1.1
Check: tests
Result: ERROR
     Running 'testthat.R' [10m/10m]
    Running the tests in 'tests/testthat.R' failed.
    Complete output:
     > library(testthat)
     > library(clusternomics)
     >
     > test_check("clusternomics")
     Killed
Flavor: r-devel-linux-x86_64-debian-clang