CRAN Package Check Results for Package clustertend

Last updated on 2020-09-30 21:49:14 CEST.

Flavor Version Tinstall Tcheck Ttotal Status Flags
r-devel-linux-x86_64-debian-clang 1.4 1.84 18.12 19.96 NOTE
r-devel-linux-x86_64-debian-gcc 1.4 1.38 14.57 15.95 NOTE
r-devel-linux-x86_64-fedora-clang 1.4 34.62 NOTE
r-devel-linux-x86_64-fedora-gcc 1.4 23.59 NOTE
r-devel-windows-ix86+x86_64 1.4 4.00 29.00 33.00 NOTE
r-patched-linux-x86_64 1.4 1.74 17.81 19.55 NOTE
r-patched-solaris-x86 1.4 36.90 NOTE
r-release-linux-x86_64 1.4 1.70 17.73 19.43 NOTE
r-release-macos-x86_64 1.4 NOTE
r-release-windows-ix86+x86_64 1.4 5.00 27.00 32.00 NOTE
r-oldrel-macos-x86_64 1.4 NOTE
r-oldrel-windows-ix86+x86_64 1.4 3.00 40.00 43.00 NOTE

Check Details

Version: 1.4
Check: R code for possible problems
Result: NOTE
    hopkins: no visible global function definition for 'runif'
    hopkins: no visible global function definition for 'dist'
    Undefined global functions or variables:
     dist runif
    Consider adding
     importFrom("stats", "dist", "runif")
    to your NAMESPACE file.
Flavors: r-devel-linux-x86_64-debian-clang, r-devel-linux-x86_64-debian-gcc, r-devel-linux-x86_64-fedora-clang, r-devel-linux-x86_64-fedora-gcc, r-devel-windows-ix86+x86_64, r-patched-linux-x86_64, r-patched-solaris-x86, r-release-linux-x86_64, r-release-macos-x86_64, r-release-windows-ix86+x86_64, r-oldrel-macos-x86_64, r-oldrel-windows-ix86+x86_64