CRAN Package Check Results for Package clusteval

Last updated on 2020-01-18 17:46:25 CET.

Flavor Version Tinstall Tcheck Ttotal Status Flags
r-devel-linux-x86_64-debian-clang 0.1 17.38 28.23 45.61 NOTE
r-devel-linux-x86_64-debian-gcc 0.1 11.06 22.44 33.50 NOTE
r-devel-linux-x86_64-fedora-clang 0.1 61.00 NOTE
r-devel-linux-x86_64-fedora-gcc 0.1 55.23 NOTE
r-devel-windows-ix86+x86_64 0.1 53.00 62.00 115.00 NOTE
r-devel-windows-ix86+x86_64-gcc8 0.1 46.00 93.00 139.00 NOTE
r-patched-linux-x86_64 0.1 12.94 25.82 38.76 NOTE
r-patched-solaris-x86 0.1 68.80 NOTE
r-release-linux-x86_64 0.1 11.99 26.12 38.11 NOTE
r-release-windows-ix86+x86_64 0.1 54.00 62.00 116.00 NOTE
r-release-osx-x86_64 0.1 NOTE
r-oldrel-windows-ix86+x86_64 0.1 42.00 57.00 99.00 NOTE
r-oldrel-osx-x86_64 0.1 NOTE

Check Details

Version: 0.1
Check: DESCRIPTION meta-information
Result: NOTE
    License components which are templates and need '+ file LICENSE':
     MIT
Flavors: r-devel-linux-x86_64-debian-clang, r-devel-linux-x86_64-debian-gcc, r-devel-linux-x86_64-fedora-clang, r-devel-linux-x86_64-fedora-gcc, r-patched-linux-x86_64, r-patched-solaris-x86, r-release-linux-x86_64, r-release-osx-x86_64, r-oldrel-osx-x86_64

Version: 0.1
Check: R code for possible problems
Result: NOTE
    clustomit: no visible binding for global variable 'weighted.mean'
    sim_unif : multivariate_unif: no visible global function definition for
     'runif'
    Undefined global functions or variables:
     runif weighted.mean
    Consider adding
     importFrom("stats", "runif", "weighted.mean")
    to your NAMESPACE file.
Flavors: r-devel-linux-x86_64-debian-clang, r-devel-linux-x86_64-debian-gcc, r-devel-linux-x86_64-fedora-clang, r-devel-linux-x86_64-fedora-gcc, r-devel-windows-ix86+x86_64, r-devel-windows-ix86+x86_64-gcc8, r-patched-linux-x86_64, r-patched-solaris-x86, r-release-linux-x86_64, r-release-windows-ix86+x86_64, r-release-osx-x86_64, r-oldrel-windows-ix86+x86_64, r-oldrel-osx-x86_64

Version: 0.1
Check: compiled code
Result: NOTE
    File ‘clusteval/libs/clusteval.so’:
     Found no calls to: ‘R_registerRoutines’, ‘R_useDynamicSymbols’
    
    It is good practice to register native routines and to disable symbol
    search.
    
    See ‘Writing portable packages’ in the ‘Writing R Extensions’ manual.
Flavors: r-devel-linux-x86_64-fedora-clang, r-devel-linux-x86_64-fedora-gcc