CRAN Package Check Results for Package clv

Last updated on 2021-04-16 13:50:15 CEST.

Flavor Version Tinstall Tcheck Ttotal Status Flags
r-devel-linux-x86_64-debian-clang 0.3-2.2 7.44 35.91 43.35 OK
r-devel-linux-x86_64-debian-gcc 0.3-2.2 4.74 27.07 31.81 OK
r-devel-linux-x86_64-fedora-clang 0.3-2.2 60.11 NOTE
r-devel-linux-x86_64-fedora-gcc 0.3-2.2 50.03 NOTE
r-devel-windows-ix86+x86_64 0.3-2.2 19.00 65.00 84.00 OK
r-devel-windows-x86_64-gcc10-UCRT 0.3-2.2 OK
r-patched-linux-x86_64 0.3-2.2 6.04 33.73 39.77 OK
r-patched-solaris-x86 0.3-2.2 72.00 OK
r-release-linux-x86_64 0.3-2.2 5.22 33.51 38.73 OK
r-release-macos-x86_64 0.3-2.2 OK
r-release-windows-ix86+x86_64 0.3-2.2 15.00 65.00 80.00 OK
r-oldrel-macos-x86_64 0.3-2.2 OK
r-oldrel-windows-ix86+x86_64 0.3-2.2 13.00 60.00 73.00 OK

Check Details

Version: 0.3-2.2
Check: compiled code
Result: NOTE
    File ‘clv/libs/clv.so’:
     Found no calls to: ‘R_registerRoutines’, ‘R_useDynamicSymbols’
    
    It is good practice to register native routines and to disable symbol
    search.
    
    See ‘Writing portable packages’ in the ‘Writing R Extensions’ manual.
Flavors: r-devel-linux-x86_64-fedora-clang, r-devel-linux-x86_64-fedora-gcc