CRAN Package Check Results for Package clv

Last updated on 2020-08-15 21:47:44 CEST.

Flavor Version Tinstall Tcheck Ttotal Status Flags
r-devel-linux-x86_64-debian-clang 0.3-2.2 6.27 32.48 38.75 OK
r-devel-linux-x86_64-debian-gcc 0.3-2.2 5.02 24.88 29.90 OK
r-devel-linux-x86_64-fedora-clang 0.3-2.2 55.44 NOTE
r-devel-linux-x86_64-fedora-gcc 0.3-2.2 44.69 NOTE
r-devel-windows-ix86+x86_64 0.3-2.2 24.00 55.00 79.00 OK
r-patched-linux-x86_64 0.3-2.2 6.03 32.23 38.26 OK
r-patched-solaris-x86 0.3-2.2 68.60 OK
r-release-linux-x86_64 0.3-2.2 5.64 31.98 37.62 OK
r-release-macos-x86_64 0.3-2.2 OK
r-release-windows-ix86+x86_64 0.3-2.2 23.00 52.00 75.00 OK
r-oldrel-macos-x86_64 0.3-2.2 OK
r-oldrel-windows-ix86+x86_64 0.3-2.2 16.00 67.00 83.00 OK

Check Details

Version: 0.3-2.2
Check: compiled code
Result: NOTE
    File ‘clv/libs/clv.so’:
     Found no calls to: ‘R_registerRoutines’, ‘R_useDynamicSymbols’
    
    It is good practice to register native routines and to disable symbol
    search.
    
    See ‘Writing portable packages’ in the ‘Writing R Extensions’ manual.
Flavors: r-devel-linux-x86_64-fedora-clang, r-devel-linux-x86_64-fedora-gcc