CRAN Package Check Results for Package cmce

Last updated on 2021-04-13 13:50:29 CEST.

Flavor Version Tinstall Tcheck Ttotal Status Flags
r-devel-linux-x86_64-debian-clang 0.1.0 3.10 35.31 38.41 NOTE
r-devel-linux-x86_64-debian-gcc 0.1.0 2.75 26.67 29.42 NOTE
r-devel-linux-x86_64-fedora-clang 0.1.0 54.91 NOTE
r-devel-linux-x86_64-fedora-gcc 0.1.0 45.48 NOTE
r-devel-windows-ix86+x86_64 0.1.0 7.00 49.00 56.00 NOTE
r-devel-windows-x86_64-gcc10-UCRT 0.1.0 NOTE
r-patched-linux-x86_64 0.1.0 2.80 33.33 36.13 OK
r-patched-solaris-x86 0.1.0 62.90 OK
r-release-linux-x86_64 0.1.0 3.54 33.40 36.94 OK
r-release-macos-x86_64 0.1.0 OK
r-release-windows-ix86+x86_64 0.1.0 8.00 38.00 46.00 OK
r-oldrel-macos-x86_64 0.1.0 OK
r-oldrel-windows-ix86+x86_64 0.1.0 4.00 58.00 62.00 OK

Check Details

Version: 0.1.0
Check: LazyData
Result: NOTE
     'LazyData' is specified without a 'data' directory
Flavors: r-devel-linux-x86_64-debian-clang, r-devel-linux-x86_64-debian-gcc, r-devel-linux-x86_64-fedora-clang, r-devel-linux-x86_64-fedora-gcc, r-devel-windows-ix86+x86_64, r-devel-windows-x86_64-gcc10-UCRT