CRAN Package Check Results for Package cmm

Last updated on 2024-04-18 03:00:26 CEST.

Flavor Version Tinstall Tcheck Ttotal Status Flags
r-devel-linux-x86_64-debian-clang 1.0 6.42 50.47 56.89 NOTE
r-devel-linux-x86_64-debian-gcc 1.0 3.68 38.23 41.91 NOTE
r-devel-linux-x86_64-fedora-clang 1.0 72.33 NOTE
r-devel-linux-x86_64-fedora-gcc 1.0 78.90 NOTE
r-prerel-macos-arm64 1.0 23.00 NOTE
r-prerel-windows-x86_64 1.0 5.00 60.00 65.00 NOTE
r-patched-linux-x86_64 1.0 5.66 48.54 54.20 NOTE
r-release-linux-x86_64 1.0 3.70 49.27 52.97 OK
r-release-macos-arm64 1.0 24.00 OK
r-release-macos-x86_64 1.0 55.00 OK
r-release-windows-x86_64 1.0 6.00 70.00 76.00 OK
r-oldrel-macos-arm64 1.0 30.00 OK
r-oldrel-windows-x86_64 1.0 14.00 67.00 81.00 OK

Check Details

Version: 1.0
Check: Rd files
Result: NOTE checkRd: (-1) TestCronbachAlpha.Rd:74: Lost braces; missing escapes or markup? 74 | the value of \emph{G}^2 at the 2 alpha level is used. For alpha = 0.05, H01 must be rejected if \emph{G}^2 > 2.71 (i.e., \emph{p} = .10) and r_{alpha} > c. | ^ checkRd: (-1) TestCronbachAlpha.Rd:76: Lost braces; missing escapes or markup? 76 | r_{alpha} = 0.793) is significantly above .75. | ^ checkRd: (-1) TestCronbachAlpha.Rd:85: Lost braces 85 | (i.e., r_{alpha_{g1}} = 0.793 and r_{alpha_{g1}} = 0.737) are equal. | ^ checkRd: (-1) TestCronbachAlpha.Rd:85: Lost braces; missing escapes or markup? 85 | (i.e., r_{alpha_{g1}} = 0.793 and r_{alpha_{g1}} = 0.737) are equal. | ^ checkRd: (-1) TestCronbachAlpha.Rd:85: Lost braces 85 | (i.e., r_{alpha_{g1}} = 0.793 and r_{alpha_{g1}} = 0.737) are equal. | ^ checkRd: (-1) TestCronbachAlpha.Rd:85: Lost braces; missing escapes or markup? 85 | (i.e., r_{alpha_{g1}} = 0.793 and r_{alpha_{g1}} = 0.737) are equal. | ^ checkRd: (-1) TestCronbachAlpha.Rd:93: Lost braces 93 | that the alphas of the two dependent samples (i.e., r_{alpha_{t1}} = 0.793 and r_{alpha_{t1}} = 0.696) are not equal to each other. | ^ checkRd: (-1) TestCronbachAlpha.Rd:93: Lost braces; missing escapes or markup? 93 | that the alphas of the two dependent samples (i.e., r_{alpha_{t1}} = 0.793 and r_{alpha_{t1}} = 0.696) are not equal to each other. | ^ checkRd: (-1) TestCronbachAlpha.Rd:93: Lost braces 93 | that the alphas of the two dependent samples (i.e., r_{alpha_{t1}} = 0.793 and r_{alpha_{t1}} = 0.696) are not equal to each other. | ^ checkRd: (-1) TestCronbachAlpha.Rd:93: Lost braces; missing escapes or markup? 93 | that the alphas of the two dependent samples (i.e., r_{alpha_{t1}} = 0.793 and r_{alpha_{t1}} = 0.696) are not equal to each other. | ^ Flavors: r-devel-linux-x86_64-debian-clang, r-devel-linux-x86_64-debian-gcc, r-devel-linux-x86_64-fedora-clang, r-devel-linux-x86_64-fedora-gcc, r-prerel-macos-arm64, r-prerel-windows-x86_64, r-patched-linux-x86_64