CRAN Package Check Results for Package cmsaf

Last updated on 2019-08-22 01:49:44 CEST.

Flavor Version Tinstall Tcheck Ttotal Status Flags
r-devel-linux-x86_64-debian-clang 1.9.5 25.79 138.97 164.76 NOTE
r-devel-linux-x86_64-debian-gcc 1.9.5 22.30 107.20 129.50 NOTE
r-devel-linux-x86_64-fedora-clang 1.9.5 205.60 NOTE
r-devel-linux-x86_64-fedora-gcc 1.9.5 204.81 NOTE
r-devel-windows-ix86+x86_64 1.9.5 51.00 191.00 242.00 OK
r-patched-linux-x86_64 1.9.5 23.54 137.47 161.01 OK
r-patched-solaris-x86 1.9.5 249.60 OK
r-release-linux-x86_64 1.9.5 25.49 138.34 163.83 OK
r-release-windows-ix86+x86_64 1.9.5 53.00 193.00 246.00 OK
r-release-osx-x86_64 1.9.5 OK
r-oldrel-windows-ix86+x86_64 1.9.5 38.00 179.00 217.00 OK
r-oldrel-osx-x86_64 1.9.5 OK

Check Details

Version: 1.9.5
Check: for non-standard things in the check directory
Result: NOTE
    Found the following files/directories:
     'A.csv' 'B.csv' 'CMSAF_example_file.nc' 'CMSAF_example_file_1.nc'
     'CMSAF_example_file_2.nc' 'CMSAF_example_file_add.nc'
     'CMSAF_example_file_box_mergetime.nc'
     'CMSAF_example_file_cmsaf.addc.nc' 'CMSAF_example_file_cmsaf.cat.nc'
     'CMSAF_example_file_cmsaf.divc.nc' 'CMSAF_example_file_cmsaf.mulc.nc'
     'CMSAF_example_file_cmsaf.subc.nc' 'CMSAF_example_file_dayrange.nc'
     'CMSAF_example_file_div.nc' 'CMSAF_example_file_divdpm.nc'
     'CMSAF_example_file_extract.level.nc'
     'CMSAF_example_file_extract.period.nc' 'CMSAF_example_file_fldmax.nc'
     'CMSAF_example_file_fldmean.nc' 'CMSAF_example_file_fldmin.nc'
     'CMSAF_example_file_mon.anomaly.nc' 'CMSAF_example_file_monmax.nc'
     'CMSAF_example_file_monmean.nc' 'CMSAF_example_file_monmin.nc'
     'CMSAF_example_file_monsd.nc' 'CMSAF_example_file_monsum.nc'
     'CMSAF_example_file_mul.nc' 'CMSAF_example_file_muldpm.nc'
     'CMSAF_example_file_multimonmean.nc'
     'CMSAF_example_file_multimonsum.nc' 'CMSAF_example_file_n1.nc'
     'CMSAF_example_file_n2.nc' 'CMSAF_example_file_remapbil.nc'
     'CMSAF_example_file_seas.anomaly.nc' 'CMSAF_example_file_seasmean.nc'
     'CMSAF_example_file_seassum.nc' 'CMSAF_example_file_sellonlatbox.nc'
     'CMSAF_example_file_selmon.nc' 'CMSAF_example_file_selperiod.nc'
     'CMSAF_example_file_selpoint.nc.csv' 'CMSAF_example_file_seltime.nc'
     'CMSAF_example_file_selyear.nc' 'CMSAF_example_file_sub.nc'
     'CMSAF_example_file_timmax.nc' 'CMSAF_example_file_timmean.nc'
     'CMSAF_example_file_timmin.nc' 'CMSAF_example_file_timsd.nc'
     'CMSAF_example_file_timsum.nc' 'CMSAF_example_file_trend.nc'
     'CMSAF_example_file_wfldmean.nc' 'CMSAF_example_file_ydaymean.nc'
     'CMSAF_example_file_year.anomaly.nc' 'CMSAF_example_file_yearmean.nc'
     'CMSAF_example_file_yearsum.nc' 'CMSAF_example_file_ymonmax.nc'
     'CMSAF_example_file_ymonmean.nc' 'CMSAF_example_file_ymonmin.nc'
     'CMSAF_example_file_ymonsd.nc' 'CMSAF_example_file_ymonsum.nc'
     'CMSAF_example_file_yseasmax.nc' 'CMSAF_example_file_yseasmean.nc'
     'CMSAF_example_file_yseasmin.nc' 'CMSAF_example_file_yseassd.nc'
Flavors: r-devel-linux-x86_64-debian-clang, r-devel-linux-x86_64-debian-gcc, r-devel-linux-x86_64-fedora-clang, r-devel-linux-x86_64-fedora-gcc