CRAN Package Check Results for Package cna

Last updated on 2020-06-04 03:49:14 CEST.

Flavor Version Tinstall Tcheck Ttotal Status Flags
r-devel-linux-x86_64-debian-clang 2.2.3 88.20 95.78 183.98 OK
r-devel-linux-x86_64-debian-gcc 2.2.3 66.72 72.00 138.72 OK
r-devel-linux-x86_64-fedora-clang 2.2.3 254.08 NOTE
r-devel-linux-x86_64-fedora-gcc 2.2.3 227.69 OK
r-devel-windows-ix86+x86_64 2.2.3 214.00 202.00 416.00 OK
r-patched-linux-x86_64 2.2.3 66.14 95.39 161.53 OK
r-patched-solaris-x86 2.2.3 240.40 OK
r-release-linux-x86_64 2.2.3 70.21 96.65 166.86 OK
r-release-osx-x86_64 2.2.3 OK
r-release-windows-ix86+x86_64 2.2.3 174.00 140.00 314.00 OK
r-oldrel-osx-x86_64 2.2.3 OK
r-oldrel-windows-ix86+x86_64 2.2.3 213.00 182.00 395.00 OK

Check Details

Version: 2.2.3
Check: installed package size
Result: NOTE
     installed size is 5.3Mb
     sub-directories of 1Mb or more:
     libs 4.3Mb
Flavor: r-devel-linux-x86_64-fedora-clang