CRAN Package Check Results for Package cnum

Last updated on 2021-09-16 19:51:26 CEST.

Flavor Version Tinstall Tcheck Ttotal Status Flags
r-devel-linux-x86_64-debian-clang 0.1.3 40.31 30.47 70.78 NOTE
r-devel-linux-x86_64-debian-gcc 0.1.3 33.61 23.78 57.39 NOTE
r-devel-linux-x86_64-fedora-clang 0.1.3 105.34 NOTE
r-devel-linux-x86_64-fedora-gcc 0.1.3 100.50 NOTE
r-devel-windows-x86_64 0.1.3 42.00 57.00 99.00 NOTE
r-devel-windows-x86_64-gcc10-UCRT 0.1.3 NOTE
r-patched-linux-x86_64 0.1.3 39.62 29.40 69.02 NOTE
r-patched-solaris-x86 0.1.3 104.40 NOTE
r-release-linux-x86_64 0.1.3 38.17 29.45 67.62 NOTE
r-release-macos-arm64 0.1.3 NOTE
r-release-macos-x86_64 0.1.3 NOTE
r-release-windows-ix86+x86_64 0.1.3 104.00 55.00 159.00 NOTE
r-oldrel-macos-x86_64 0.1.3 OK
r-oldrel-windows-ix86+x86_64 0.1.3 74.00 67.00 141.00 OK

Check Details

Version: 0.1.3
Check: LazyData
Result: NOTE
     'LazyData' is specified without a 'data' directory
Flavors: r-devel-linux-x86_64-debian-clang, r-devel-linux-x86_64-debian-gcc, r-devel-linux-x86_64-fedora-clang, r-devel-linux-x86_64-fedora-gcc, r-devel-windows-x86_64, r-devel-windows-x86_64-gcc10-UCRT, r-patched-linux-x86_64, r-patched-solaris-x86, r-release-linux-x86_64, r-release-macos-arm64, r-release-macos-x86_64, r-release-windows-ix86+x86_64