CRAN Package Check Results for Package coala

Last updated on 2019-03-21 22:50:53 CET.

Flavor Version Tinstall Tcheck Ttotal Status Flags
r-devel-linux-x86_64-debian-clang 0.5.2 130.08 105.68 235.76 OK
r-devel-linux-x86_64-debian-gcc 0.5.2 113.53 83.33 196.86 OK
r-devel-linux-x86_64-fedora-clang 0.5.2 341.07 NOTE
r-devel-linux-x86_64-fedora-gcc 0.5.2 329.29 OK
r-devel-windows-ix86+x86_64 0.5.2 366.00 204.00 570.00 OK
r-patched-linux-x86_64 0.5.2 129.14 99.72 228.86 OK
r-patched-solaris-x86 0.5.2 340.00 OK
r-release-linux-x86_64 0.5.2 133.35 100.03 233.38 OK
r-release-windows-ix86+x86_64 0.5.2 300.00 146.00 446.00 OK
r-release-osx-x86_64 0.5.2 OK
r-oldrel-windows-ix86+x86_64 0.5.2 277.00 221.00 498.00 OK
r-oldrel-osx-x86_64 0.5.2 OK

Check Details

Version: 0.5.2
Check: installed package size
Result: NOTE
     installed size is 6.2Mb
     sub-directories of 1Mb or more:
     R 1.3Mb
     libs 4.3Mb
Flavor: r-devel-linux-x86_64-fedora-clang