CRAN Package Check Results for Package coala

Last updated on 2019-01-20 01:50:52 CET.

Flavor Version Tinstall Tcheck Ttotal Status Flags
r-devel-linux-x86_64-debian-clang 0.5.2 128.67 106.07 234.74 OK
r-devel-linux-x86_64-debian-gcc 0.5.2 119.75 84.13 203.88 OK
r-devel-linux-x86_64-fedora-clang 0.5.2 332.82 NOTE
r-devel-linux-x86_64-fedora-gcc 0.5.2 320.41 OK
r-devel-windows-ix86+x86_64 0.5.2 292.00 197.00 489.00 OK
r-patched-linux-x86_64 0.5.2 145.71 97.47 243.18 OK
r-patched-solaris-x86 0.5.2 346.50 OK
r-release-linux-x86_64 0.5.2 147.77 96.86 244.63 OK
r-release-windows-ix86+x86_64 0.5.2 299.00 183.00 482.00 OK
r-release-osx-x86_64 0.5.2 OK
r-oldrel-windows-ix86+x86_64 0.5.2 275.00 156.00 431.00 OK
r-oldrel-osx-x86_64 0.5.2 OK

Check Details

Version: 0.5.2
Check: installed package size
Result: NOTE
     installed size is 6.1Mb
     sub-directories of 1Mb or more:
     R 1.3Mb
     libs 4.3Mb
Flavor: r-devel-linux-x86_64-fedora-clang