CRAN Package Check Results for Package coala

Last updated on 2019-06-25 11:50:11 CEST.

Flavor Version Tinstall Tcheck Ttotal Status Flags
r-devel-linux-x86_64-debian-clang 0.5.2 134.37 104.75 239.12 OK
r-devel-linux-x86_64-debian-gcc 0.5.2 109.98 83.83 193.81 OK
r-devel-linux-x86_64-fedora-clang 0.5.2 341.26 NOTE
r-devel-linux-x86_64-fedora-gcc 0.5.2 324.94 OK
r-devel-windows-ix86+x86_64 0.5.2 340.00 165.00 505.00 OK
r-patched-linux-x86_64 0.5.2 133.56 106.80 240.36 OK
r-patched-solaris-x86 0.5.2 371.40 OK
r-release-linux-x86_64 0.5.2 137.86 107.34 245.20 OK
r-release-windows-ix86+x86_64 0.5.2 247.00 217.00 464.00 OK
r-release-osx-x86_64 0.5.2 NOTE
r-oldrel-windows-ix86+x86_64 0.5.2 226.00 153.00 379.00 OK
r-oldrel-osx-x86_64 0.5.2 OK

Check Details

Version: 0.5.2
Check: installed package size
Result: NOTE
     installed size is 5.9Mb
     sub-directories of 1Mb or more:
     R 1.3Mb
     libs 4.0Mb
Flavors: r-devel-linux-x86_64-fedora-clang, r-release-osx-x86_64