Last updated on 2022-07-06 05:53:58 CEST.
Flavor | Version | Tinstall | Tcheck | Ttotal | Status | Flags |
---|---|---|---|---|---|---|
r-devel-linux-x86_64-debian-clang | 0.6.1 | 172.03 | 122.35 | 294.38 | OK | |
r-devel-linux-x86_64-debian-gcc | 0.6.1 | 138.51 | 94.64 | 233.15 | OK | |
r-devel-linux-x86_64-fedora-clang | 0.6.1 | 427.11 | NOTE | |||
r-devel-linux-x86_64-fedora-gcc | 0.6.1 | 399.83 | OK | |||
r-devel-windows-x86_64 | 0.6.1 | 171.00 | 202.00 | 373.00 | OK | |
r-patched-linux-x86_64 | 0.6.1 | 141.22 | 118.41 | 259.63 | OK | |
r-release-linux-x86_64 | 0.6.1 | 152.61 | 120.40 | 273.01 | OK | |
r-release-macos-arm64 | 0.6.1 | 103.00 | NOTE | |||
r-release-macos-x86_64 | 0.6.1 | 132.00 | NOTE | |||
r-release-windows-x86_64 | 0.6.1 | 182.00 | 194.00 | 376.00 | OK | |
r-oldrel-macos-arm64 | 0.6.1 | 86.00 | NOTE | |||
r-oldrel-macos-x86_64 | 0.6.1 | 132.00 | NOTE | |||
r-oldrel-windows-ix86+x86_64 | 0.6.1 | 398.00 | 206.00 | 604.00 | OK |
Version: 0.6.1
Check: installed package size
Result: NOTE
installed size is 5.2Mb
sub-directories of 1Mb or more:
R 1.4Mb
libs 3.3Mb
Flavors: r-devel-linux-x86_64-fedora-clang, r-release-macos-arm64, r-release-macos-x86_64, r-oldrel-macos-arm64, r-oldrel-macos-x86_64