CRAN Package Check Results for Package coalescentMCMC

Last updated on 2019-04-21 13:46:21 CEST.

Flavor Version Tinstall Tcheck Ttotal Status Flags
r-devel-linux-x86_64-debian-clang 0.4-1 7.78 76.95 84.73 NOTE
r-devel-linux-x86_64-debian-gcc 0.4-1 6.27 60.77 67.04 NOTE
r-devel-linux-x86_64-fedora-clang 0.4-1 100.09 NOTE
r-devel-linux-x86_64-fedora-gcc 0.4-1 97.65 NOTE
r-devel-windows-ix86+x86_64 0.4-1 26.00 147.00 173.00 NOTE
r-patched-linux-x86_64 0.4-1 7.95 75.32 83.27 NOTE
r-patched-solaris-x86 0.4-1 154.30 NOTE
r-release-linux-x86_64 0.4-1 5.52 72.28 77.80 NOTE
r-release-windows-ix86+x86_64 0.4-1 11.00 146.00 157.00 NOTE
r-release-osx-x86_64 0.4-1 NOTE
r-oldrel-windows-ix86+x86_64 0.4-1 12.00 148.00 160.00 NOTE
r-oldrel-osx-x86_64 0.4-1 NOTE

Check Details

Version: 0.4-1
Check: R code for possible problems
Result: NOTE
    coalescentMCMC: no visible global function definition for
     'packageVersion'
    coalescentMCMC : getparams: no visible global function definition for
     'nlminb'
    sim.coalescent: no visible global function definition for 'plot'
    sim.coalescent: no visible global function definition for 'segments'
    sim.coalescent: no visible global function definition for 'points'
    Undefined global functions or variables:
     nlminb packageVersion plot points segments
    Consider adding
     importFrom("graphics", "plot", "points", "segments")
     importFrom("stats", "nlminb")
     importFrom("utils", "packageVersion")
    to your NAMESPACE file.
Flavors: r-devel-linux-x86_64-debian-clang, r-devel-linux-x86_64-debian-gcc, r-devel-linux-x86_64-fedora-clang, r-devel-linux-x86_64-fedora-gcc, r-devel-windows-ix86+x86_64, r-patched-linux-x86_64, r-patched-solaris-x86, r-release-linux-x86_64, r-release-windows-ix86+x86_64, r-release-osx-x86_64, r-oldrel-windows-ix86+x86_64, r-oldrel-osx-x86_64