CRAN Package Check Results for Package coalescentMCMC

Last updated on 2021-05-05 22:51:30 CEST.

Flavor Version Tinstall Tcheck Ttotal Status Flags
r-devel-linux-x86_64-debian-clang 0.4-1 9.24 102.50 111.74 NOTE
r-devel-linux-x86_64-debian-gcc 0.4-1 6.99 77.77 84.76 NOTE
r-devel-linux-x86_64-fedora-clang 0.4-1 156.39 NOTE
r-devel-linux-x86_64-fedora-gcc 0.4-1 145.62 NOTE
r-devel-windows-ix86+x86_64 0.4-1 20.00 158.00 178.00 NOTE
r-devel-windows-x86_64-gcc10-UCRT 0.4-1 NOTE
r-patched-linux-x86_64 0.4-1 9.77 100.07 109.84 NOTE
r-patched-solaris-x86 0.4-1 196.90 NOTE
r-release-linux-x86_64 0.4-1 7.40 96.58 103.98 NOTE
r-release-macos-x86_64 0.4-1 NOTE
r-release-windows-ix86+x86_64 0.4-1 18.00 117.00 135.00 NOTE
r-oldrel-macos-x86_64 0.4-1 NOTE
r-oldrel-windows-ix86+x86_64 0.4-1 21.00 11.00 32.00 ERROR

Check Details

Version: 0.4-1
Check: R code for possible problems
Result: NOTE
    coalescentMCMC: no visible global function definition for
     'packageVersion'
    coalescentMCMC : getparams: no visible global function definition for
     'nlminb'
    sim.coalescent: no visible global function definition for 'segments'
    sim.coalescent: no visible global function definition for 'points'
    Undefined global functions or variables:
     nlminb packageVersion points segments
    Consider adding
     importFrom("graphics", "points", "segments")
     importFrom("stats", "nlminb")
     importFrom("utils", "packageVersion")
    to your NAMESPACE file.
Flavors: r-devel-linux-x86_64-debian-clang, r-devel-linux-x86_64-debian-gcc, r-devel-linux-x86_64-fedora-clang, r-devel-linux-x86_64-fedora-gcc, r-devel-windows-ix86+x86_64, r-devel-windows-x86_64-gcc10-UCRT, r-patched-linux-x86_64, r-patched-solaris-x86, r-release-linux-x86_64, r-release-macos-x86_64, r-release-windows-ix86+x86_64

Version: 0.4-1
Check: R code for possible problems
Result: NOTE
    coalescentMCMC: no visible global function definition for
     ‘packageVersion’
    coalescentMCMC : getparams: no visible global function definition for
     ‘nlminb’
    sim.coalescent: no visible global function definition for ‘plot’
    sim.coalescent: no visible global function definition for ‘segments’
    sim.coalescent: no visible global function definition for ‘points’
    Undefined global functions or variables:
     nlminb packageVersion plot points segments
    Consider adding
     importFrom("graphics", "plot", "points", "segments")
     importFrom("stats", "nlminb")
     importFrom("utils", "packageVersion")
    to your NAMESPACE file.
Flavor: r-oldrel-macos-x86_64

Version: 0.4-1
Check: whether package can be installed
Result: ERROR
    Installation failed.
Flavor: r-oldrel-windows-ix86+x86_64