CRAN Package Check Results for Package coalescentMCMC

Last updated on 2019-06-25 09:50:38 CEST.

Flavor Version Tinstall Tcheck Ttotal Status Flags
r-devel-linux-x86_64-debian-clang 0.4-1 7.71 75.14 82.85 NOTE
r-devel-linux-x86_64-debian-gcc 0.4-1 7.17 60.54 67.71 NOTE
r-devel-linux-x86_64-fedora-clang 0.4-1 102.12 NOTE
r-devel-linux-x86_64-fedora-gcc 0.4-1 98.25 NOTE
r-devel-windows-ix86+x86_64 0.4-1 27.00 117.00 144.00 NOTE
r-patched-linux-x86_64 0.4-1 7.88 74.47 82.35 NOTE
r-patched-solaris-x86 0.4-1 166.80 NOTE
r-release-linux-x86_64 0.4-1 7.90 75.18 83.08 NOTE
r-release-windows-ix86+x86_64 0.4-1 17.00 116.00 133.00 NOTE
r-release-osx-x86_64 0.4-1 NOTE
r-oldrel-windows-ix86+x86_64 0.4-1 12.00 108.00 120.00 NOTE
r-oldrel-osx-x86_64 0.4-1 NOTE

Check Details

Version: 0.4-1
Check: R code for possible problems
Result: NOTE
    coalescentMCMC: no visible global function definition for
     'packageVersion'
    coalescentMCMC : getparams: no visible global function definition for
     'nlminb'
    sim.coalescent: no visible global function definition for 'plot'
    sim.coalescent: no visible global function definition for 'segments'
    sim.coalescent: no visible global function definition for 'points'
    Undefined global functions or variables:
     nlminb packageVersion plot points segments
    Consider adding
     importFrom("graphics", "plot", "points", "segments")
     importFrom("stats", "nlminb")
     importFrom("utils", "packageVersion")
    to your NAMESPACE file.
Flavors: r-devel-linux-x86_64-debian-clang, r-devel-linux-x86_64-debian-gcc, r-devel-linux-x86_64-fedora-clang, r-devel-linux-x86_64-fedora-gcc, r-devel-windows-ix86+x86_64, r-patched-linux-x86_64, r-patched-solaris-x86, r-release-linux-x86_64, r-release-windows-ix86+x86_64, r-release-osx-x86_64, r-oldrel-windows-ix86+x86_64, r-oldrel-osx-x86_64