CRAN Package Check Results for Package cocktailApp

Last updated on 2019-08-19 11:49:00 CEST.

Flavor Version Tinstall Tcheck Ttotal Status Flags
r-devel-linux-x86_64-debian-clang 0.2.1 6.71 58.81 65.52 OK
r-devel-linux-x86_64-debian-gcc 0.2.1 5.04 46.08 51.12 OK
r-devel-linux-x86_64-fedora-clang 0.2.1 78.87 NOTE
r-devel-linux-x86_64-fedora-gcc 0.2.1 75.12 NOTE
r-devel-windows-ix86+x86_64 0.2.1 18.00 105.00 123.00 OK
r-patched-linux-x86_64 0.2.1 6.09 56.80 62.89 OK
r-patched-solaris-x86 0.2.1 128.40 NOTE
r-release-linux-x86_64 0.2.1 5.67 57.35 63.02 OK
r-release-windows-ix86+x86_64 0.2.1 13.00 69.00 82.00 OK
r-release-osx-x86_64 0.2.1 NOTE
r-oldrel-windows-ix86+x86_64 0.2.1 18.00 123.00 141.00 OK
r-oldrel-osx-x86_64 0.2.1 NOTE

Check Details

Version: 0.2.1
Check: data for non-ASCII characters
Result: NOTE
     Note: found 14661 marked UTF-8 strings
Flavors: r-devel-linux-x86_64-fedora-clang, r-devel-linux-x86_64-fedora-gcc, r-patched-solaris-x86, r-release-osx-x86_64, r-oldrel-osx-x86_64