CRAN Package Check Results for Package cocktailApp

Last updated on 2020-07-16 19:47:15 CEST.

Flavor Version Tinstall Tcheck Ttotal Status Flags
r-devel-linux-x86_64-debian-clang 0.2.1 8.24 76.64 84.88 OK
r-devel-linux-x86_64-debian-gcc 0.2.1 5.94 59.93 65.87 OK
r-devel-linux-x86_64-fedora-clang 0.2.1 118.72 NOTE
r-devel-linux-x86_64-fedora-gcc 0.2.1 102.58 NOTE
r-devel-windows-ix86+x86_64 0.2.1 33.00 136.00 169.00 OK
r-patched-linux-x86_64 0.2.1 5.55 77.09 82.64 OK
r-patched-solaris-x86 0.2.1 147.30 NOTE
r-release-linux-x86_64 0.2.1 7.31 77.36 84.67 OK
r-release-windows-ix86+x86_64 0.2.1 33.00 126.00 159.00 OK
r-oldrel-macos-x86_64 0.2.1 NOTE
r-oldrel-windows-ix86+x86_64 0.2.1 32.00 120.00 152.00 OK

Check Details

Version: 0.2.1
Check: data for non-ASCII characters
Result: NOTE
     Note: found 14661 marked UTF-8 strings
Flavors: r-devel-linux-x86_64-fedora-clang, r-devel-linux-x86_64-fedora-gcc, r-patched-solaris-x86, r-oldrel-macos-x86_64