CRAN Package Check Results for Package cocktailApp

Last updated on 2019-06-15 22:58:36 CEST.

Flavor Version Tinstall Tcheck Ttotal Status Flags
r-devel-linux-x86_64-debian-clang 0.2.0 5.37 61.20 66.57 OK
r-devel-linux-x86_64-debian-gcc 0.2.0 4.51 47.62 52.13 OK
r-devel-linux-x86_64-fedora-clang 0.2.0 79.07 NOTE
r-devel-linux-x86_64-fedora-gcc 0.2.0 75.15 NOTE
r-devel-windows-ix86+x86_64 0.2.0 20.00 117.00 137.00 OK
r-patched-linux-x86_64 0.2.0 5.18 60.09 65.27 OK
r-patched-solaris-x86 0.2.0 121.30 NOTE
r-release-linux-x86_64 0.2.0 5.54 60.38 65.92 OK
r-release-windows-ix86+x86_64 0.2.0 13.00 106.00 119.00 OK
r-release-osx-x86_64 0.2.0 NOTE
r-oldrel-windows-ix86+x86_64 0.2.0 8.00 119.00 127.00 OK
r-oldrel-osx-x86_64 0.2.0 NOTE

Check Details

Version: 0.2.0
Check: data for non-ASCII characters
Result: NOTE
     Note: found 14661 marked UTF-8 strings
Flavors: r-devel-linux-x86_64-fedora-clang, r-devel-linux-x86_64-fedora-gcc, r-patched-solaris-x86, r-release-osx-x86_64, r-oldrel-osx-x86_64