Last updated on 2023-05-28 13:57:25 CEST.
Flavor | Version | Tinstall | Tcheck | Ttotal | Status | Flags |
---|---|---|---|---|---|---|
r-devel-linux-x86_64-debian-clang | 1.1-4 | 5.72 | 38.71 | 44.43 | NOTE | |
r-devel-linux-x86_64-debian-gcc | 1.1-4 | 3.45 | 30.51 | 33.96 | NOTE | |
r-devel-linux-x86_64-fedora-clang | 1.1-4 | 57.42 | NOTE | |||
r-devel-linux-x86_64-fedora-gcc | 1.1-4 | 55.30 | NOTE | |||
r-devel-windows-x86_64 | 1.1-4 | 6.00 | 52.00 | 58.00 | NOTE | |
r-patched-linux-x86_64 | 1.1-4 | 5.57 | 37.93 | 43.50 | NOTE | |
r-release-linux-x86_64 | 1.1-4 | 4.93 | 37.30 | 42.23 | NOTE | |
r-release-macos-arm64 | 1.1-4 | 23.00 | NOTE | |||
r-release-macos-x86_64 | 1.1-4 | 30.00 | NOTE | |||
r-release-windows-x86_64 | 1.1-4 | 8.00 | 55.00 | 63.00 | NOTE | |
r-oldrel-macos-arm64 | 1.1-4 | 19.00 | NOTE | |||
r-oldrel-macos-x86_64 | 1.1-4 | 30.00 | NOTE | |||
r-oldrel-windows-x86_64 | 1.1-4 | 10.00 | 55.00 | 65.00 | NOTE |
Version: 1.1-4
Check: package dependencies
Result: NOTE
Package which this enhances but not available for checking: ‘rkward’
Flavors: r-devel-linux-x86_64-debian-clang, r-devel-linux-x86_64-debian-gcc, r-devel-linux-x86_64-fedora-clang, r-devel-linux-x86_64-fedora-gcc, r-devel-windows-x86_64, r-patched-linux-x86_64, r-release-linux-x86_64, r-release-macos-arm64, r-release-macos-x86_64, r-release-windows-x86_64, r-oldrel-macos-arm64, r-oldrel-macos-x86_64, r-oldrel-windows-x86_64