CRAN Package Check Results for Package cocor

Last updated on 2020-04-07 16:47:53 CEST.

Flavor Version Tinstall Tcheck Ttotal Status Flags
r-devel-linux-x86_64-debian-clang 1.1-3 5.59 34.15 39.74 NOTE
r-devel-linux-x86_64-debian-gcc 1.1-3 4.04 27.05 31.09 NOTE
r-devel-linux-x86_64-fedora-clang 1.1-3 47.23 NOTE
r-devel-linux-x86_64-fedora-gcc 1.1-3 47.77 NOTE
r-devel-windows-ix86+x86_64 1.1-3 14.00 44.00 58.00 NOTE
r-devel-windows-ix86+x86_64-gcc8 1.1-3 12.00 47.00 59.00 NOTE
r-patched-linux-x86_64 1.1-3 5.42 33.75 39.17 NOTE
r-patched-solaris-x86 1.1-3 67.30 NOTE
r-release-linux-x86_64 1.1-3 3.97 31.33 35.30 NOTE
r-release-windows-ix86+x86_64 1.1-3 8.00 68.00 76.00 NOTE
r-release-osx-x86_64 1.1-3 NOTE
r-oldrel-windows-ix86+x86_64 1.1-3 7.00 44.00 51.00 NOTE
r-oldrel-osx-x86_64 1.1-3 NOTE

Check Details

Version: 1.1-3
Check: package dependencies
Result: NOTE
    Package which this enhances but not available for checking: 'rkward'
Flavors: r-devel-linux-x86_64-debian-clang, r-devel-linux-x86_64-debian-gcc, r-devel-linux-x86_64-fedora-clang, r-devel-linux-x86_64-fedora-gcc, r-devel-windows-ix86+x86_64, r-devel-windows-ix86+x86_64-gcc8, r-patched-linux-x86_64, r-patched-solaris-x86, r-release-linux-x86_64, r-release-windows-ix86+x86_64, r-release-osx-x86_64, r-oldrel-windows-ix86+x86_64, r-oldrel-osx-x86_64