Last updated on 2023-02-08 16:52:03 CET.
Flavor | Version | Tinstall | Tcheck | Ttotal | Status | Flags |
---|---|---|---|---|---|---|
r-devel-linux-x86_64-debian-clang | 1.0-1 | 3.35 | 30.80 | 34.15 | NOTE | |
r-devel-linux-x86_64-debian-gcc | 1.0-1 | 2.64 | 23.37 | 26.01 | NOTE | |
r-devel-linux-x86_64-fedora-clang | 1.0-1 | 43.55 | NOTE | |||
r-devel-linux-x86_64-fedora-gcc | 1.0-1 | 42.04 | NOTE | |||
r-devel-windows-x86_64 | 1.0-1 | 27.00 | 55.00 | 82.00 | NOTE | |
r-patched-linux-x86_64 | 1.0-1 | 2.43 | 30.70 | 33.13 | NOTE | |
r-release-linux-x86_64 | 1.0-1 | 2.76 | 29.57 | 32.33 | NOTE | |
r-release-macos-arm64 | 1.0-1 | 18.00 | NOTE | |||
r-release-macos-x86_64 | 1.0-1 | 24.00 | NOTE | |||
r-release-windows-x86_64 | 1.0-1 | 11.00 | 59.00 | 70.00 | NOTE | |
r-oldrel-macos-arm64 | 1.0-1 | 23.00 | NOTE | |||
r-oldrel-macos-x86_64 | 1.0-1 | 31.00 | NOTE | |||
r-oldrel-windows-ix86+x86_64 | 1.0-1 | 9.00 | 54.00 | 63.00 | NOTE |
Version: 1.0-1
Check: package dependencies
Result: NOTE
Package which this enhances but not available for checking: ‘rkward’
Flavors: r-devel-linux-x86_64-debian-clang, r-devel-linux-x86_64-debian-gcc, r-devel-linux-x86_64-fedora-clang, r-devel-linux-x86_64-fedora-gcc, r-devel-windows-x86_64, r-patched-linux-x86_64, r-release-linux-x86_64, r-release-macos-arm64, r-release-macos-x86_64, r-release-windows-x86_64, r-oldrel-macos-arm64, r-oldrel-macos-x86_64, r-oldrel-windows-ix86+x86_64