CRAN Package Check Results for Package cocron

Last updated on 2022-08-07 16:53:20 CEST.

Flavor Version Tinstall Tcheck Ttotal Status Flags
r-devel-linux-x86_64-debian-clang 1.0-1 3.33 30.01 33.34 NOTE
r-devel-linux-x86_64-debian-gcc 1.0-1 2.59 23.60 26.19 NOTE
r-devel-linux-x86_64-fedora-clang 1.0-1 51.47 NOTE
r-devel-linux-x86_64-fedora-gcc 1.0-1 49.81 NOTE
r-devel-windows-x86_64 1.0-1 20.00 75.00 95.00 NOTE
r-patched-linux-x86_64 1.0-1 3.50 28.83 32.33 NOTE
r-release-linux-x86_64 1.0-1 3.47 28.82 32.29 NOTE
r-release-macos-arm64 1.0-1 18.00 NOTE
r-release-macos-x86_64 1.0-1 24.00 NOTE
r-release-windows-x86_64 1.0-1 16.00 53.00 69.00 NOTE
r-oldrel-macos-arm64 1.0-1 23.00 NOTE
r-oldrel-macos-x86_64 1.0-1 31.00 NOTE
r-oldrel-windows-ix86+x86_64 1.0-1 9.00 50.00 59.00 NOTE

Check Details

Version: 1.0-1
Check: package dependencies
Result: NOTE
    Package which this enhances but not available for checking: 'rkward'
Flavors: r-devel-linux-x86_64-debian-clang, r-devel-linux-x86_64-debian-gcc, r-devel-linux-x86_64-fedora-clang, r-devel-linux-x86_64-fedora-gcc, r-devel-windows-x86_64, r-patched-linux-x86_64, r-release-linux-x86_64, r-release-macos-arm64, r-release-macos-x86_64, r-release-windows-x86_64, r-oldrel-macos-arm64, r-oldrel-macos-x86_64, r-oldrel-windows-ix86+x86_64