CRAN Package Check Results for Package cocron

Last updated on 2021-07-28 20:49:52 CEST.

Flavor Version Tinstall Tcheck Ttotal Status Flags
r-devel-linux-x86_64-debian-clang 1.0-1 NOTE
r-devel-linux-x86_64-debian-gcc 1.0-1 2.61 22.57 25.18 NOTE
r-devel-linux-x86_64-fedora-clang 1.0-1 47.66 NOTE
r-devel-linux-x86_64-fedora-gcc 1.0-1 36.92 NOTE
r-devel-windows-x86_64 1.0-1 6.00 44.00 50.00 NOTE
r-devel-windows-x86_64-gcc10-UCRT 1.0-1 NOTE
r-patched-linux-x86_64 1.0-1 3.44 27.54 30.98 NOTE
r-patched-solaris-x86 1.0-1 57.00 NOTE
r-release-linux-x86_64 1.0-1 2.98 27.26 30.24 NOTE
r-release-macos-arm64 1.0-1 NOTE
r-release-macos-x86_64 1.0-1 NOTE
r-release-windows-ix86+x86_64 1.0-1 9.00 34.00 43.00 NOTE
r-oldrel-macos-x86_64 1.0-1 NOTE
r-oldrel-windows-ix86+x86_64 1.0-1 7.00 43.00 50.00 NOTE

Check Details

Version: 1.0-1
Check: package dependencies
Result: NOTE
    Package which this enhances but not available for checking: 'rkward'
Flavors: r-devel-linux-x86_64-debian-clang, r-devel-linux-x86_64-debian-gcc, r-devel-linux-x86_64-fedora-clang, r-devel-linux-x86_64-fedora-gcc, r-devel-windows-x86_64, r-devel-windows-x86_64-gcc10-UCRT, r-patched-linux-x86_64, r-patched-solaris-x86, r-release-linux-x86_64, r-release-macos-arm64, r-release-macos-x86_64, r-release-windows-ix86+x86_64, r-oldrel-macos-x86_64, r-oldrel-windows-ix86+x86_64