CRAN Package Check Results for Package coda.base

Last updated on 2020-11-25 03:51:36 CET.

Flavor Version Tinstall Tcheck Ttotal Status Flags
r-devel-linux-x86_64-debian-clang 0.3.1 71.74 37.52 109.26 OK
r-devel-linux-x86_64-debian-gcc 0.3.1 68.86 28.94 97.80 OK
r-devel-linux-x86_64-fedora-clang 0.3.1 131.77 NOTE
r-devel-linux-x86_64-fedora-gcc 0.3.1 115.20 NOTE
r-devel-windows-ix86+x86_64 0.3.1 124.00 83.00 207.00 OK
r-patched-linux-x86_64 0.3.1 75.76 34.20 109.96 OK
r-patched-solaris-x86 0.3.1 113.10 NOTE
r-release-linux-x86_64 0.3.1 81.47 35.54 117.01 OK
r-release-macos-x86_64 0.3.1 NOTE
r-release-windows-ix86+x86_64 0.3.1 127.00 80.00 207.00 OK
r-oldrel-macos-x86_64 0.3.1 NOTE
r-oldrel-windows-ix86+x86_64 0.3.1 91.00 68.00 159.00 OK

Check Details

Version: 0.3.1
Check: data for non-ASCII characters
Result: NOTE
     Note: found 19 marked UTF-8 strings
Flavors: r-devel-linux-x86_64-fedora-clang, r-devel-linux-x86_64-fedora-gcc, r-patched-solaris-x86, r-release-macos-x86_64, r-oldrel-macos-x86_64