Last updated on 2022-07-02 18:51:33 CEST.
Flavor | Version | Tinstall | Tcheck | Ttotal | Status | Flags |
---|---|---|---|---|---|---|
r-devel-linux-x86_64-debian-clang | 0.1.1 | 14.62 | 153.21 | 167.83 | OK | |
r-devel-linux-x86_64-debian-gcc | 0.1.1 | 11.42 | 113.03 | 124.45 | OK | |
r-devel-linux-x86_64-fedora-clang | 0.1.1 | 207.64 | NOTE | |||
r-devel-linux-x86_64-fedora-gcc | 0.1.1 | 204.20 | NOTE | |||
r-devel-windows-x86_64 | 0.1.1 | 40.00 | 177.00 | 217.00 | OK | |
r-patched-linux-x86_64 | 0.1.1 | 13.11 | 144.66 | 157.77 | OK | |
r-release-linux-x86_64 | 0.1.1 | 13.46 | 146.20 | 159.66 | OK | |
r-release-macos-arm64 | 0.1.1 | 55.00 | NOTE | |||
r-release-macos-x86_64 | 0.1.1 | 98.00 | NOTE | |||
r-release-windows-x86_64 | 0.1.1 | 45.00 | 176.00 | 221.00 | OK | |
r-oldrel-macos-arm64 | 0.1.1 | 47.00 | NOTE | |||
r-oldrel-macos-x86_64 | 0.1.1 | 71.00 | NOTE | |||
r-oldrel-windows-ix86+x86_64 | 0.1.1 | 31.00 | 174.00 | 205.00 | OK |
Version: 0.1.1
Check: dependencies in R code
Result: NOTE
Namespace in Imports field not imported from: ‘qpdf’
All declared Imports should be used.
Flavors: r-devel-linux-x86_64-fedora-clang, r-devel-linux-x86_64-fedora-gcc, r-release-macos-arm64, r-release-macos-x86_64, r-oldrel-macos-arm64, r-oldrel-macos-x86_64