CRAN Package Check Results for Package codeCollection

Last updated on 2021-09-18 15:52:19 CEST.

Flavor Version Tinstall Tcheck Ttotal Status Flags
r-devel-linux-x86_64-debian-clang 0.1.2 3.27 26.45 29.72 OK
r-devel-linux-x86_64-debian-gcc 0.1.2 2.87 20.74 23.61 OK
r-devel-linux-x86_64-fedora-clang 0.1.2 45.53 NOTE
r-devel-linux-x86_64-fedora-gcc 0.1.2 34.67 NOTE
r-devel-windows-x86_64 0.1.2 5.00 46.00 51.00 OK
r-devel-windows-x86_64-gcc10-UCRT 0.1.2 NOTE
r-patched-linux-x86_64 0.1.2 3.38 25.64 29.02 OK
r-patched-solaris-x86 0.1.2 54.60 NOTE
r-release-linux-x86_64 0.1.2 3.44 25.31 28.75 OK
r-release-macos-arm64 0.1.2 NOTE
r-release-macos-x86_64 0.1.2 NOTE
r-release-windows-ix86+x86_64 0.1.2 7.00 30.00 37.00 OK
r-oldrel-macos-x86_64 0.1.2 NOTE
r-oldrel-windows-ix86+x86_64 0.1.2 7.00 33.00 40.00 OK

Check Details

Version: 0.1.2
Check: data for non-ASCII characters
Result: NOTE
     Note: found 30244 marked UTF-8 strings
Flavors: r-devel-linux-x86_64-fedora-clang, r-devel-linux-x86_64-fedora-gcc, r-devel-windows-x86_64-gcc10-UCRT, r-patched-solaris-x86, r-release-macos-arm64, r-release-macos-x86_64, r-oldrel-macos-x86_64