CRAN Package Check Results for Package codebook

Last updated on 2022-07-06 17:49:01 CEST.

Flavor Version Tinstall Tcheck Ttotal Status Flags
r-devel-linux-x86_64-debian-clang 0.9.2 8.16 218.17 226.33 NOTE
r-devel-linux-x86_64-debian-gcc 0.9.2 6.63 157.74 164.37 NOTE
r-devel-linux-x86_64-fedora-clang 0.9.2 266.37 NOTE
r-devel-linux-x86_64-fedora-gcc 0.9.2 264.26 NOTE
r-devel-windows-x86_64 0.9.2 50.00 288.00 338.00 NOTE
r-patched-linux-x86_64 0.9.2 8.14 202.64 210.78 NOTE
r-release-linux-x86_64 0.9.2 5.07 199.97 205.04 NOTE
r-release-macos-arm64 0.9.2 91.00 NOTE
r-release-macos-x86_64 0.9.2 142.00 NOTE
r-release-windows-x86_64 0.9.2 27.00 274.00 301.00 NOTE
r-oldrel-macos-arm64 0.9.2 331.00 NOTE
r-oldrel-macos-x86_64 0.9.2 130.00 NOTE
r-oldrel-windows-ix86+x86_64 0.9.2 19.00 264.00 283.00 OK

Check Details

Version: 0.9.2
Check: package dependencies
Result: NOTE
    Package suggested but not available for checking: 'userfriendlyscience'
Flavors: r-devel-linux-x86_64-debian-clang, r-devel-linux-x86_64-debian-gcc, r-devel-linux-x86_64-fedora-clang, r-devel-linux-x86_64-fedora-gcc, r-devel-windows-x86_64, r-patched-linux-x86_64, r-release-linux-x86_64, r-release-macos-arm64, r-release-macos-x86_64, r-release-windows-x86_64, r-oldrel-macos-arm64, r-oldrel-macos-x86_64

Version: 0.9.2
Check: dependencies in R code
Result: NOTE
    Namespaces in Imports field not imported from:
     ‘graphics’ ‘jsonlite’ ‘rlang’ ‘tidyselect’ ‘vctrs’
     All declared Imports should be used.
Flavors: r-devel-linux-x86_64-fedora-clang, r-devel-linux-x86_64-fedora-gcc, r-release-macos-arm64, r-release-macos-x86_64, r-oldrel-macos-arm64, r-oldrel-macos-x86_64

Version: 0.9.2
Check: data for non-ASCII characters
Result: NOTE
     Note: found 65 marked UTF-8 strings
Flavors: r-devel-linux-x86_64-fedora-clang, r-devel-linux-x86_64-fedora-gcc, r-release-macos-arm64, r-release-macos-x86_64, r-oldrel-macos-arm64, r-oldrel-macos-x86_64