Last updated on 2023-09-30 10:57:03 CEST.
Flavor | Version | Tinstall | Tcheck | Ttotal | Status | Flags |
---|---|---|---|---|---|---|
r-devel-linux-x86_64-debian-clang | 0.5.0 | 1.55 | 22.13 | 23.68 | OK | |
r-devel-linux-x86_64-debian-gcc | 0.5.0 | 1.72 | 17.43 | 19.15 | OK | |
r-devel-linux-x86_64-fedora-clang | 0.5.0 | 30.47 | NOTE | |||
r-devel-linux-x86_64-fedora-gcc | 0.5.0 | 31.04 | NOTE | |||
r-devel-windows-x86_64 | 0.5.0 | 4.00 | 42.00 | 46.00 | OK | |
r-patched-linux-x86_64 | 0.5.0 | 1.80 | 21.65 | 23.45 | OK | |
r-release-linux-x86_64 | 0.5.0 | 2.09 | 21.71 | 23.80 | OK | |
r-release-macos-arm64 | 0.5.0 | 17.00 | OK | |||
r-release-macos-x86_64 | 0.5.0 | 22.00 | OK | |||
r-release-windows-x86_64 | 0.5.0 | 5.00 | 40.00 | 45.00 | OK | |
r-oldrel-macos-arm64 | 0.5.0 | 14.00 | OK | |||
r-oldrel-macos-x86_64 | 0.5.0 | 22.00 | OK | |||
r-oldrel-windows-x86_64 | 0.5.0 | 6.00 | 42.00 | 48.00 | OK |
Version: 0.5.0
Check: data for non-ASCII characters
Result: NOTE
Note: found 6 marked UTF-8 strings
Flavors: r-devel-linux-x86_64-fedora-clang, r-devel-linux-x86_64-fedora-gcc